{"id":103,"date":"2018-10-02T01:17:18","date_gmt":"2018-10-01T22:17:18","guid":{"rendered":"http:\/\/erdogankutlu.com\/yeni\/wordpress\/?page_id=103"},"modified":"2018-10-02T01:17:18","modified_gmt":"2018-10-01T22:17:18","slug":"gelismis-ulkeler-ve-taseron-orgutler","status":"publish","type":"page","link":"https:\/\/erdogankutlu.com\/index.php\/gelismis-ulkeler-ve-taseron-orgutler\/","title":{"rendered":"GEL\u0130\u015eM\u0130\u015e \u00dcLKELER VE TA\u015eERON \u00d6RG\u00dcTLER"},"content":{"rendered":"\n<p><em>21 Kas\u0131m 2015 &#8211; D\u00fcnya Gazatesi<\/em><\/p>\n\n\n\n<p>Geli\u015fmi\u015f \u00fclkeler, yeralt\u0131 ve yer\u00fcst\u00fc kaynaklar\u0131 y\u00f6n\u00fcnden zengin ve geli\u015fmekte olan \u00fclkelerin geli\u015fmesini daima engellemektedirler. Bunu siyasi i\u015fbirlik\u00e7ileri, ekonomi tetik\u00e7ileri ve \u201cta\u015feron ter\u00f6r \u00f6rg\u00fctleri\u201d arac\u0131l\u0131\u011f\u0131yla yapmaktad\u0131rlar. Ham maddelerini (petrol, do\u011falgaz, alt\u0131n, elmas, bak\u0131r, al\u00fcminyum, uranyum. Toryum, bor \u2026 vb. gibi) al\u0131yorlar, yerine ise silah, m\u00fchimmat ile savunma ara\u00e7 ve te\u00e7hizatlar\u0131 veriyorlar. Geli\u015fmekte olan \u00fclkelerin geli\u015fmesini engelleyen ter\u00f6r eylemleri genelde etnik ve mezhepsel olmaktad\u0131r. Bu ter\u00f6r \u00f6rg\u00fctlerinin \u201cNarko-Ter\u00f6r\u201d \u00f6rg\u00fctleri ile de ili\u015fkileri bulunmaktad\u0131r. \u00dclkemizde maalesef bu \u201cta\u015feron ter\u00f6r \u00f6rg\u00fctleri\u201dnden etnik ve mezhepsel olan\u0131 bulunmaktad\u0131r. Uzun y\u0131llard\u0131r eylemleri ile \u00fclkemizin geli\u015fmesine engel olmaya \u00e7al\u0131\u015f\u0131lmaktad\u0131r.<\/p>\n\n\n\n<p>Ter\u00f6r eylemlerinin \u00f6nlenmesi konusunda verilen silahl\u0131 m\u00fccadeleler istenen sonucu vermemekte. \u00dclke b\u00fct\u00fcnl\u00fc\u011f\u00fcne kast eden ter\u00f6r eylemleri ile elbette silahl\u0131 m\u00fccadele yap\u0131lacak ve ilave kanuni tedbirler al\u0131nacakt\u0131r. \u00d6d\u00fcl sistemi gibi, s\u0131n\u0131rlar\u0131m\u0131za \u00e7ift s\u0131ra elektronik \u00e7it \u00e7ekilmesi, aras\u0131nda \u00f6zel e\u011fitilmi\u015f k\u00f6peklerin bulundurulmas\u0131 ve in\u015fa edilecek y\u00fcksek g\u00fcvenlikli \u201ckule karakollar\u201ddan kontrol\u00fcn\u00fcn yap\u0131lmas\u0131 ve yerli i\u015fbirlik\u00e7ilerinin TC vatanda\u015fl\u0131\u011f\u0131ndan \u00e7\u0131kar\u0131lmas\u0131\u2026.. gibi ilave tedbirler d\u00fc\u015f\u00fcn\u00fclebilir. Ancak bunlar\u0131n yeterli olmayaca\u011f\u0131 d\u00fcnyada ki \u00f6rneklerden g\u00f6r\u00fclmektedir. Bu durumda daha de\u011fi\u015fik tedbirler d\u00fc\u015f\u00fcnmemiz gerekmiyor mu?<\/p>\n\n\n\n<p>\u00d6rne\u011fin;<\/p>\n\n\n\n<p>1- Halk\u0131n ayd\u0131nlat\u0131lmas\u0131<\/p>\n\n\n\n<p>\u00dclkemizin gelece\u011fi a\u00e7\u0131s\u0131ndan son derece \u00f6nem arz eden bu etnik ve mezhepsel ter\u00f6r \u00f6rg\u00fctlerinin geli\u015fmi\u015f \u00fclkeler taraf\u0131ndan kiralanan \u201cta\u015feron ter\u00f6r \u00f6rg\u00fctleri\u201d olduklar\u0131 ve iddialar\u0131n\u0131n yalan ve iftira oldu\u011fu belgeleri ile kamuoyuna duyurularak halk\u0131n ayd\u0131nlanmas\u0131 sa\u011flanabilir. B\u00f6ylece ter\u00f6r \u00f6rg\u00fctlerinin yalanlar\u0131 ile TC d\u00fc\u015fman\u0131 yerli i\u015fbirlik\u00e7ileri ortaya \u00e7\u0131kacak ve art\u0131k taraftar bulamayacaklard\u0131r. Bu da ter\u00f6r \u00f6rg\u00fctlerinin en \u00e7ok korktuklar\u0131 konudur. Milletimiz bu t\u00fcr olaylar kar\u015f\u0131s\u0131nda birlik olmay\u0131 \u00c7anakkale ve Milli M\u00fccadele d\u00f6nemlerinde geli\u015fmi\u015f \u00fclkelere g\u00f6stermi\u015ftir. \u201cO d\u00f6nemde de d\u00fc\u015fmanla i\u015fbirli\u011fi yapan vatan hainleri vard\u0131. Ancak halk\u0131m\u0131z vatanseverler taraf\u0131ndan ayd\u0131nlat\u0131ld\u0131 ve bir s\u00fcre sonra bu yerli i\u015fbirlik\u00e7ilerin hainliklerini g\u00f6rd\u00fc ve Milli m\u00fccadeleye kat\u0131ld\u0131.\u201d Bu nedenle; milletimiz i\u00e7in &#8216;S\u00f6z konusu Vatansa gerisi teferruatt\u0131r&#8217;<\/p>\n\n\n\n<p>2- Demokratik sisteme ge\u00e7ilmesi<\/p>\n\n\n\n<p>\u00dclkelerin g\u00fc\u00e7l\u00fc bir ekonomiye sahip olabilmesi, \u00e7a\u011fda\u015fla\u015fmas\u0131 ve bireylerin mutlu olabilmesi i\u00e7in \u201cDemokratik Sisteme\u201d ge\u00e7meleri gerekmektedir. Demokrasi bir kurallar rejimidir ve \u00fclkelere g\u00f6re de\u011fi\u015fiklik g\u00f6stermez. Bunu i\u00e7in;<\/p>\n\n\n\n<p>a) Anayasa&#8217;n\u0131n; Yasama, Y\u00fcr\u00fctme, yarg\u0131 ba\u011f\u0131ms\u0131zl\u0131\u011f\u0131n\u0131, Laikli\u011fi, \u00f6zg\u00fcrce d\u00fc\u015f\u00fcnmeyi, temel hak ve \u00f6zg\u00fcrl\u00fckleri g\u00fcvence alt\u0131na alan bir Anayasa olmas\u0131 ve halk\u0131n y\u00fcksek kat\u0131l\u0131m\u0131 ile kabul edilmesi,<\/p>\n\n\n\n<p>b) Se\u00e7im sisteminin \u201ce\u015fit se\u00e7men say\u0131l\u0131, dar b\u00f6lge ve iki dereceli, adil ve demokratik bir se\u00e7im sistemi olmas\u0131\u201d<\/p>\n\n\n\n<p>c) T\u00fcm hukuk kurallar\u0131m\u0131z\u0131n adil, demokratik ve insan haklar\u0131 evrensel beyannamesine uygun olmas\u0131 ve kararl\u0131 bir \u015fekilde bir b\u00fct\u00fcnl\u00fck i\u00e7erisinde uygulanmas\u0131 gerekir. \u00c7\u00fcnk\u00fc bu kurallar Demokratik sistemde zorunludur.<\/p>\n\n\n\n<p>3) \u00c7a\u011fda\u015f e\u011fitim sistemine ge\u00e7ilmesi<\/p>\n\n\n\n<p>Bilimsel devrim yapamayan \u00fclkeler yapan \u00fclkelerin s\u00f6m\u00fcrgesi olmaya mahkumdurlar. Geli\u015fmi\u015f \u00fclke olabilmek i\u00e7in Bilimsel Devrimler yapmak gerekiyor. Bunun i\u00e7in \u00fclkelerin demokratik sistemle y\u00f6netiliyor olmas\u0131 ve finans ba\u011f\u0131ms\u0131zl\u0131\u011f\u0131 ile teknoloji ba\u011f\u0131ms\u0131zl\u0131\u011f\u0131na sahip olmas\u0131 gerekiyor. Finans ba\u011f\u0131ms\u0131zl\u0131\u011f\u0131, a\u011f\u0131rl\u0131kl\u0131 olarak \u00f6z kayna\u011fa dayal\u0131 tasarruflar\u0131n teknoloji yo\u011fun \u00fcretim ama\u00e7l\u0131 yat\u0131r\u0131mlara y\u00f6nlendirilmesi ile sa\u011flanabilmektedir. Teknoloji ba\u011f\u0131ms\u0131zl\u0131\u011f\u0131 ise; ancak \u00e7a\u011fda\u015f e\u011fitim sistemleri ile m\u00fcmk\u00fcn olabilmektedir. Bu nedenle e\u011fitim sistemimizin y\u00f6netimine siyasi m\u00fcdahalelerin olmamas\u0131, \u00fcniversitelerin y\u00f6netimin \u00f6zerk olmas\u0131 ve e\u011fitim sistemimizin ezberci yap\u0131dan \u00f6zg\u00fcrce d\u00fc\u015f\u00fcnen, ara\u015ft\u0131ran, sorgulayan ve geli\u015ftiren bir yap\u0131ya d\u00f6n\u00fc\u015ft\u00fcr\u00fclmesi gerekmektedir.<\/p>\n\n\n\n<p>Bu ama\u00e7la, geli\u015fen teknolojilerin beraberinde getirdi\u011fi yeni meslek dallar\u0131n\u0131n e\u011fitim sistemimize ilave edilmesi, uygulamal\u0131 e\u011fitim yap\u0131lmas\u0131 ve iyi e\u011fitim g\u00f6rm\u00fc\u015f \u00f6\u011fretim elemanlar\u0131n\u0131n yeti\u015ftirilmesi gerekmektedir.\u00a0\u0130\u015fte o zaman art\u0131k bizde genetik teknoloji, biyo teknoloji, ileri teknoloji, nano teknoloji ve uzay teknoloji alanlar\u0131nda \u00f6nemli bilimsel geli\u015fmeler sa\u011flayabilece\u011fiz ve \u00fcretim sistemimizin teknoloji yo\u011fun \u00fcretim sistemine d\u00f6n\u00fc\u015fmesini sa\u011flayabilece\u011fiz.<\/p>\n\n\n\n<p>Teknoloji yo\u011fun \u00fcretim ile tar\u0131mda birim araziden, hayvanc\u0131l\u0131kta birim hayvandan ve sanayide birim \u00fcretimden en y\u00fcksek verimi ve getiriyi sa\u011flayabilece\u011fiz. B\u00f6ylece ekonomimiz g\u00fc\u00e7l\u00fc bir ekonomi, \u00fclkemizde geli\u015fmi\u015f \u00fclke d\u00fczeyine \u00e7\u0131kabilecektir. (Geli\u015fmi\u015f \u00fclkeler bir taraftan geli\u015fmekte olan \u00fclkelerin geli\u015fmesini engellerken di\u011fer taraftan da yeni teknolojiler geli\u015ftirmek i\u00e7in Ar-Ge \u00e7al\u0131\u015fmalar\u0131n\u0131 s\u00fcrd\u00fcrmektedirler.)<\/p>\n\n\n\n<p>\u015eu anki \u00e7al\u0131\u015fmalar\u0131;<\/p>\n\n\n\n<p>&#8211; Elektrik enerjisinin t\u00fcm\u00fcn\u00fc g\u00fcne\u015ften elde etmek, depolayabilmek, kablosuz iletebilmek ve uzaktan kablosuz depolar\u0131 \u015farj edebilmek.<\/p>\n\n\n\n<p>&#8211; Cisimlerin \u0131\u015f\u0131nlanabilmesini ger\u00e7ekle\u015ftirmek.<\/p>\n\n\n\n<p>&#8211; \u0130leri malzemeler geli\u015ftirmek\u2026.vb. gibi konular olup \u00f6nemli geli\u015fmeler kaydetmi\u015flerdir.<\/p>\n\n\n\n<p>4) Yat\u0131r\u0131mlar k\u0131rsala y\u00f6nlendirilmeli<\/p>\n\n\n\n<p>\u00d6zellikle ter\u00f6r eylemlerinin yo\u011fun oldu\u011fu Do\u011fu ve G\u00fcneydo\u011fu Anadolu b\u00f6lgemizin modern \u00fcretim ve \u00e7a\u011fda\u015f ya\u015fam merkezleri haline getirilmesi, bir taraftan b\u00f6lge insanlar\u0131n\u0131n i\u015f ve a\u015f bulmas\u0131na ve \u00e7a\u011fda\u015f ya\u015fama kavu\u015fturulmalar\u0131na sebep olacak di\u011fer taraftan da ter\u00f6r \u00f6rg\u00fctlerinin art\u0131k taraftar bulamamas\u0131na sebep olacakt\u0131r. Bu ama\u00e7la;<\/p>\n\n\n\n<p>a) Yar\u0131m kalan \u201cToprak Reformu\u2019nun ger\u00e7ekle\u015ftirilmesi, kooperatifle\u015fmelerinin sa\u011flanmas\u0131, verimli yukar\u0131 Mezopotamya ovalar\u0131n\u0131n Ziraat Bankas\u0131 koordinat\u00f6rl\u00fc\u011f\u00fcnde organize tar\u0131m ve organize hayvanc\u0131l\u0131k b\u00f6lgeleri haline d\u00f6n\u00fc\u015ft\u00fcr\u00fclmesi sa\u011flanabilir. (Toprak reformunda e\u015fit miktarda toprak y\u00f6re insanlar\u0131na tapu tahsis \u015feklinde verilebilir. Ancak bu tahsislerin sat\u0131\u015f ve devir hakk\u0131 bulunmamal\u0131d\u0131r.)<\/p>\n\n\n\n<p>b) Da\u011f\u0131n\u0131k halde bulunan alt ve \u00fcst yap\u0131lar\u0131 bulunmayan sa\u011fl\u0131ks\u0131z k\u00f6ylerin ve mezralar\u0131n yerine, ana yollara yak\u0131n yerlere \u00fcretim ve pazarlama ama\u00e7l\u0131 modern ihtisas k\u00f6ylerinin (Cumhuriyet K\u00f6ylerinin) kurulmas\u0131 ve e\u011fitimleri i\u00e7in &#8216;K\u00f6y Enstit\u00fcleri&#8217;nin benzeri uygulamal\u0131 e\u011fitim verecek e\u011fitim birimlerinin kurulmas\u0131 sa\u011flanabilir.<\/p>\n\n\n\n<p>c) B\u00f6ylece b\u00f6lge \u00f6nemli bir tar\u0131m ve hayvanc\u0131l\u0131k \u00fcr\u00fcnleri \u00fcretim ve ihracat merkezi olabilir. (Hollanda\u2019n\u0131n tar\u0131m ve hayvanc\u0131l\u0131k \u00fcr\u00fcnleri 2014 y\u0131l\u0131 ihracat\u0131 110 milyar dolar olarak ger\u00e7ekle\u015fmi\u015ftir.)<\/p>\n\n\n\n<p>\u00d6zetle; Millet\u00e7e en b\u00fcy\u00fck hedefimiz; \u00d6nce Milli birlik ve beraberli\u011fimizi sa\u011flayarak ta\u015feron ter\u00f6r \u00f6rg\u00fctleri ile m\u00fccadeleyi ba\u015farmak sonra da geli\u015fmekte olan \u00fclkemizi geli\u015fmi\u015f \u00fclke d\u00fczeyine \u00e7\u0131karmak olmal\u0131d\u0131r.<\/p>\n\n\n\n<p><strong><\/strong><\/p>\n","protected":false},"excerpt":{"rendered":"<p>21 Kas\u0131m 2015 &#8211; D\u00fcnya Gazatesi Geli\u015fmi\u015f \u00fclkeler, yeralt\u0131 ve yer\u00fcst\u00fc kaynaklar\u0131 y\u00f6n\u00fcnden zengin ve geli\u015fmekte olan \u00fclkelerin geli\u015fmesini daima engellemektedirler. Bunu siyasi i\u015fbirlik\u00e7ileri, ekonomi&#8230;<\/p>\n","protected":false},"author":1,"featured_media":0,"parent":0,"menu_order":0,"comment_status":"closed","ping_status":"closed","template":"","meta":[],"_links":{"self":[{"href":"https:\/\/erdogankutlu.com\/index.php\/wp-json\/wp\/v2\/pages\/103"}],"collection":[{"href":"https:\/\/erdogankutlu.com\/index.php\/wp-json\/wp\/v2\/pages"}],"about":[{"href":"https:\/\/erdogankutlu.com\/index.php\/wp-json\/wp\/v2\/types\/page"}],"author":[{"embeddable":true,"href":"https:\/\/erdogankutlu.com\/index.php\/wp-json\/wp\/v2\/users\/1"}],"replies":[{"embeddable":true,"href":"https:\/\/erdogankutlu.com\/index.php\/wp-json\/wp\/v2\/comments?post=103"}],"version-history":[{"count":1,"href":"https:\/\/erdogankutlu.com\/index.php\/wp-json\/wp\/v2\/pages\/103\/revisions"}],"predecessor-version":[{"id":104,"href":"https:\/\/erdogankutlu.com\/index.php\/wp-json\/wp\/v2\/pages\/103\/revisions\/104"}],"wp:attachment":[{"href":"https:\/\/erdogankutlu.com\/index.php\/wp-json\/wp\/v2\/media?parent=103"}],"curies":[{"name":"wp","href":"https:\/\/api.w.org\/{rel}","templated":true}]}}