{"id":107,"date":"2018-10-02T01:18:39","date_gmt":"2018-10-01T22:18:39","guid":{"rendered":"http:\/\/erdogankutlu.com\/yeni\/wordpress\/?page_id=107"},"modified":"2018-10-02T01:18:39","modified_gmt":"2018-10-01T22:18:39","slug":"enerji-ekonomisi-ve-teknolojisi","status":"publish","type":"page","link":"https:\/\/erdogankutlu.com\/index.php\/enerji-ekonomisi-ve-teknolojisi\/","title":{"rendered":"ENERJ\u0130 EKONOM\u0130S\u0130 VE TEKNOLOJ\u0130S\u0130"},"content":{"rendered":"\n<p><em>\u0130stanbul Sanayi Odas\u0131 &#8211; Ocak 1998<\/em><\/p>\n\n\n\n<p>Geli\u015fen sanayimiz ve artan n\u00fcfusumuz ile geli\u015fen yerle\u015fim ve i\u015f merkezleri ve artan ula\u015f\u0131m vas\u0131talan enerji taleplerini h\u0131zla art\u0131rmaktad\u0131r.<\/p>\n\n\n\n<p>Elektrik enerjisi ihtiyac\u0131m\u0131z y\u0131lda y\u00fczde 8 dolay\u0131nda artmaktad\u0131r. Bu oran kurulu g\u00fc\u00e7te her y\u0131l en az 3000 MW (megavat)l\u0131k elektrik enerjisi \u00fcretecek yeni bir tesisin devreye girmesini gerektirmektedir.<\/p>\n\n\n\n<p>Kurulu g\u00fcc\u00fcm\u00fcz \u015fu an 21930 MW civannda olup bunun 11413 MVV&#8217;l\u0131k b\u00f6l\u00fcm\u00fc termik, santrallerden, 9864 MW&#8217;l\u0131k b\u00f6l\u00fcm\u00fc hidroelektrik santrallerden kalan 653 MW b\u00f6l\u00fcm\u00fcde \u00f6zel jenerat\u00f6rlerden elde edilmektedir. Hidro-elektrik g\u00fcc\u00fcm\u00fcz s\u0131n\u0131rl\u0131d\u0131r. Termik Santrallerde ve jenerat\u00f6rlerde kullan\u0131lan petrol ve do\u011fal gaz\u0131n y\u00fczde 90&#8243;l\u0131k b\u00f6l\u00fcm\u00fc ithal edilmektedir.<\/p>\n\n\n\n<p>Elektrik enerjisi \u00fcretimimizin ithal petrol ve do\u011fal gaza ba\u011fl\u0131 olmas\u0131 ene\u0131ji \u00fcretimimizin maliyetini art\u0131rmaktad\u0131r. Eneji ileti-mindeki ve kullan\u0131m\u0131ndaki kay\u0131plar ile bu maliyet daha da artmaktad\u0131r. Enerji \u00fcretimindeki maliyetleri d\u00fc\u015f\u00fcrmemiz i\u00e7in; kendi enerji kaynaklar\u0131m\u0131z\u0131 kullanmam\u0131z, kay\u0131plan en aza indirmemiz ve geli\u015fen teknolojileri kullan\u0131mam\u0131z gerekmektedir. Kullanabilece\u011fimiz enerji kaynaklan olarak:<\/p>\n\n\n\n<p><strong>1- DO\u011eAL URANYUM VE TORYUM<\/strong><\/p>\n\n\n\n<p>\u00dclkemizde tesb\u0131t edilen uranyum ve toryum rezervlerimiz sadece Yozgat Sorgun ve Manisa \u00e7evresinde yakla\u015f\u0131k 9000 ton metal uranyuma, toryum rezervi-de 340.000 ton metal toryuma e\u015fde\u011ferdir. \u00dclkemiz bu durumuyla bile Hindis-tan\u0131n ard\u0131ndan d\u00fcnyan\u0131n en b\u00fcy\u00fck toryum rezervine sahip \u00fclkesidir. Do\u011fal Uranyuma dayal\u0131 n\u00fckleer santrallar ile tek-nolji olarak d\u0131\u015fa ba\u011f\u0131ml\u0131l\u0131k olmayacakt\u0131r. Son Gerece ucuz enerjinin \u00fcretildi\u011fi n\u00fckleer reakt\u00f6rler uluslararas\u0131 standartlara uygun in\u015fa edilmeleri halinde en g\u00fcvenilir tesis oluyorlar.<\/p>\n\n\n\n<p>Geli\u015fmi\u015f \u00fclkeler elektrik \u00fcretimlerinin \u00f6nemli bir b\u00f6l\u00fcm\u00fcn\u00fc (ortalama y\u00fczde 23.4&#8217;\u00fcn\u00fc) n\u00fckleer santrallerden temin etmektedir. \u00d6rne\u011fin:<\/p>\n\n\n\n<ul><li>A.B.D.&#8217;de \u015fu an 109 adet ve 98729 &#8216;MW kurulu g\u00fcc\u00fcnde n\u00fckleer santral faaliyette olup 27746 MW g\u00fcc\u00fcnde 3 adet santralde in\u015fa halindedir.<\/li><li>Fransa elektrik enerjisinin y\u00fczde 72.9&#8217;unu n\u00fckleer santrallerden temin- etmekte olup 576S8 MW kurulu g\u00fc\u00e7te 56 adet n\u00fckleer santrale sahiptir. 7125 MW toplam g\u00fc\u00e7te olacak 5 adet santralide in\u015fa a\u015famas\u0131ndad\u0131r.<\/li><li>Japonya toplam kurulu g\u00fcc\u00fc 3432S MW olan. 44 adet n\u00fckleer santrale sahip olup 8129 MW toplam g\u00fcc\u00fcnde 9 adet santralide in\u015fa halindedir.<\/li><\/ul>\n\n\n\n<p>&#8230; v.b. gibi \u00f6rnekleri verebiliriz.<\/p>\n\n\n\n<p>\u00d6zetle Birle\u015fmi\u015f Milletle&#8217; verilerine g\u00f6re d\u00fcnya \u00fczerinde toplam kurulu g\u00fc\u00e7leri 330 bin 651 MW olan 424 adet n\u00fckleer santral bulunmakta ve toplam kapasiteleri, 59 bin 720 MW olan 72 n\u00fckleer santralde in\u015fa halindedir. \u00dclkemizde de teknoloji olarak d\u0131\u015fa ba\u011f\u0131ml\u0131 olmayaca\u011f\u0131m\u0131z &#8220;Do\u011fal uranyuma dayal\u0131&#8221; n\u00fckleer santrallerini uluslararas\u0131 \u00e7evre ve g\u00fcvenlik siandartlanna uygun olarak kurmam\u0131z Uygun olacakt\u0131r.<\/p>\n\n\n\n<p><strong>2- \u00c7\u00d6P<\/strong><\/p>\n\n\n\n<p>\u00c7\u00f6p \u00fcretiminin fazla oldu\u011fu \u00f6zellikle B\u00fcy\u00fck\u015fehirieri-mizde \u00e7\u00f6p yakma ve enerji santralleri kurmam\u0131z uygun olacakt\u0131r.<\/p>\n\n\n\n<p>Geli\u015fmi\u015f \u00fclkelerde y\u0131llard\u0131r uygulanan bu t\u00fcr santrallerde hem \u00e7\u00f6p yak\u0131lmakta hemde kazanda yakma sonucu elde edilen buhar enerjisi buhar t\u00fcrb\u00fcnlerin-den (Turbo-Jenerat\u00f6r) ge\u00e7irilerek elektrik enerjisine d\u00f6n\u00fc\u015ft\u00fcr\u00fclmektedir. Fransa&#8217;da 100.000 n\u00fcfusun \u00fcst\u00fcndeki \u015fehirlerde Buhra enerjisi sa\u011flayan 20&#8243;ye yak\u0131n &#8220;\u00c7\u00f6p Yakma Kazan\u0131&#8221; bulunmaktad\u0131r. Yak\u0131lan \u00e7\u00f6plerin toplam olarak Fuel-Oil&#8217;e tekab\u00fcl eden tonoj\u0131 300.000 tonu ge\u00e7mektedir.<\/p>\n\n\n\n<p>kullanmakta ve civar semtin 150.000 ki\u015filik konutunun elektrik enerjisini ve \u015fehrin \u0131s\u0131t\u0131lmas\u0131n\u0131n y\u00fczde 20&#8217;sini \u00fcretti\u011fi buharla sa\u011flamaktad\u0131r. Bu suretle 100.000 tona yak\u0131n fuel-Oi! kar\u015f\u0131l\u0131\u011f\u0131nda enerji elde edilmektedir.<\/p>\n\n\n\n<p><strong>3- B\u0130YO-K\u00dcTLE<\/strong><\/p>\n\n\n\n<p>G\u00fcne\u015f enerjisini kimyasal enerjiye d\u00f6n\u00fc\u015ft\u00fcren bitkilerin biyo-k\u00fctle (biyomas) enerjisi \u00f6nemli bir enerji kayna\u011f\u0131d\u0131r.<\/p>\n\n\n\n<p>Biyo-k\u00fctleden Alkol elde&#8217; edilerek s\u0131v\u0131 yak\u0131t olarak kullan\u0131lmas\u0131 giderek yayg\u0131nla\u015fmaktad\u0131r.<\/p>\n\n\n\n<p>Alkol, benzinin oktan say\u0131s\u0131n\u0131 y\u00fckseltici etki g\u00f6sterdi\u011finden oktan y\u00fckseltici olarak kullan\u0131lan ve \u00e7evre a\u00e7\u0131s\u0131ndan zararl\u0131 olan kur\u015fun tetra etilin kullan\u0131lmas\u0131-n\u0131da azaltmaktad\u0131r. Biyo-k\u00fc\u0131leden diesel yak\u0131t\u0131na kar.s\u00ee\u0131rrnak amac\u0131yla yararlan\u0131lmaktad\u0131r. Biyo-dizel yak\u0131tlar ad\u0131 verilen bu yak\u0131tlar y\u00fczde .50 oranmda dizel yak\u0131t\u0131na kan\u015ftmlarak elde edilmektedir.<\/p>\n\n\n\n<p>\u00d6rne\u011fin: Brezilya&#8217;da &#8220;Kolza Ya\u011f\u0131&#8221; ile \u00e7al\u0131\u015fan trakt\u00f6rler olduk\u00e7a y\u00fcksek performans g\u00f6stermekledir. Yine 3.6 milyon ara\u00e7ta yak\u0131t olarak &#8220;Eanol&#8221; kullan\u0131lmaktad\u0131r. ABD, M\u0131s\u0131r&#8217;dan elde edilen &#8220;Etil Alkolle \u00e7al\u0131\u015fan ve toplu ta\u015f\u0131mac\u0131l\u0131kta kullan\u0131lmas\u0131 planlanan otob\u00fcsler \u00fczerinde \u00e7al\u0131\u015fmaktad\u0131r. Trakya ve Marmara b\u00f6lgesinde yeti\u015fen koiza bitkisinin ya\u011f\u0131 dizel yak\u0131tlanna kar\u0131\u015ft\u0131rabilecek uygun bir kaynakt\u0131r.<\/p>\n\n\n\n<p>Di\u011fer taraftan k\u0131rsal kesimlerde orman tahribacn\u0131n \u00f6nlenmesi i\u00e7in enerji ormann-h\u011f\u0131 projeleri haz\u0131rlanmal\u0131d\u0131r, isve\u00e7&#8217;te halen elektirk \u00fcretiminin y\u00fczde 15 enerji ormanlar\u0131ndan kar\u015f\u0131lanmaktad\u0131r. Bu oran Finlandiya&#8217;da y\u00fczde 18, Kanada&#8217;da y\u00fczde 20&#8217;dir.<\/p>\n\n\n\n<p>\u0130sve\u00e7&#8217;te genel olarak iki t\u00fcr s\u00f6\u011f\u00fct kullan\u0131lmaktad\u0131r. (Salixviminalis ve Salix dasy elados) 3-5 y\u0131ll\u0131k hasat ya\u015flan ile i\u015fletilen s\u00f6\u011f\u00fct plantasyon alanlanndan elde edilen odunlar yongalana-rak tesislerde \u0131s\u0131 ve elektrik enerjisi elde edilmektedir. Danimarka&#8217;da yeti\u015ftirilen &#8220;miscanthus sinensis gigen-teus&#8221; adl\u0131 bitki ise, 3 y\u0131ldan itibaren hasad edilebiliyor ve 1 hektar alandan 50 ton kuru madde elde edilebiliyor. Bu biyc^k\u00fctle \u00fczerinde fotosentez yoluyla depolanan g\u00fcne\u015f enerjisi, 20 ton petrol\u00fcn verdi\u011fi enerjiye e\u015fde\u011fer enerji ediyor.<\/p>\n\n\n\n<p><strong>4- JEO-TERMAL<\/strong><\/p>\n\n\n\n<p>Jeo-termal enerjisi kayna\u011f\u0131na sahip b\u00f6lgelerimizde (Denizli. Afyon. K\u00fctahya. Simav. U\u015fak. Bal\u0131kesir, Biga. G\u00f6nen. Yalova&#8230; v.b. gibi) s\u0131cak su ile yerle\u015fim birimlerinin &#8220;Merkezi \u0130s\u0131tma Sistemi ile \u0131s\u0131t\u0131lmas\u0131, Serac\u0131l\u0131k yap\u0131lmas\u0131 ye K\u0131zg\u0131n Buhar \u00e7\u0131kan b\u00f6lgelerde &#8220;elektrik enerjisi&#8221; \u00fcretilmesi te\u015fvik edilmelidir.<\/p>\n\n\n\n<p><strong>5- G\u00dcNE\u015e<\/strong><\/p>\n\n\n\n<p>Ses h\u0131z\u0131n\u0131 a\u015f\u0131p \u0131\u015f\u0131k h\u0131z\u0131na, ula\u015fan geli\u015fen teknoloji, g\u00fcne\u015f uydular\u0131ndan elektrik enerjisi \u00fcretmek ve bu ene\u0131jiy\u0131 mic-ro-dalgalaria uzayda kurulacak uzay limanlar\u0131na uzay istasyonlar\u0131na. uzay kentlerine ve d\u00fcnyaya g\u00f6ndermek y\u00f6n\u00fcnde \u00e7al\u0131\u015fmaktad\u0131r. Co\u011frafi olarak 36\u00b0-42\u00b0 kuzey enlemleri aras\u0131nda bulunan T\u00fcrkiye g\u00fcne\u015f ku\u015fa\u011f\u0131 i\u00e7ersindedir.<\/p>\n\n\n\n<p>Meteorolojik g\u00f6zlemlere dayal\u0131 olarak T\u00fcrkiye&#8217;nin y\u0131ll\u0131k g\u00fcne\u015flenme s\u00fcresi 2609 saat (h) olup maksimum ve minimum s\u00fcreler Temmuz (362 h) ve Aral\u0131k (98 h) aylannda ger\u00e7ekle\u015fmektedir.<\/p>\n\n\n\n<p>G\u00fcne\u015flenme y\u00f6n\u00fcnden en zengin b\u00f6lgelerimiz s\u0131ras\u0131yla G\u00fcneydo\u011fu Anadolu (3016 h) b\u00f6lgeleridir. En d\u00fc\u015f\u00fck de\u011fer ise 1966 h ile Karadeniz b\u00f6lgesidir.<\/p>\n\n\n\n<p>T\u00fcrkiye&#8217;nin g\u00fcne\u015flenme s\u00fcresi ve g\u00fcne\u015f \u0131\u015f\u0131\u011f\u0131n\u0131n \u015fiddeti de\u011ferleri temel al\u0131nd\u0131\u011f\u0131nda t\u00fcm y\u00fczeylerine bir y\u0131lda d\u00fc\u015fen g\u00fcne\u015f enerjisi miktan 3512 EJ (eksa jo\u0131\u0131le);d\u00fcr. Bu ene\u0131ji mevcut kurulu enerji santrallerimizin g\u00fcc\u00fcn\u00fcn 5300&#8243;ka\u00fc kadard\u0131r. \u00dclkemiz olarak g\u00fcne\u015f enerjisinden ye-terince yararlanm\u0131yoruz. G\u00fcne\u015fle merkezi \u0131s\u0131tma ve elektrik &#8216; \u00fcretme yani kombine \u00e7evrim santralleri projeleri haz\u0131rlamam\u0131z uygun olacakt\u0131r. G\u00fcne\u015f termik elektrik santralleri heliostat (Yans\u0131t\u0131c\u0131 d\u00fcz ayna)lar ile kollekt\u00f6rler-den olu\u015fmaktad\u0131r. Toplanan \u0131s\u0131 enerjisi ile s\u0131vi ak\u0131\u015f-gan buharla\u015ft\u0131r\u0131lmakta ve buhar t\u00fcrbini-jenerat\u00f6r ikilisinde elektrik enerjisine d\u00f6n\u00fc\u015ft\u00fcr\u00fclmektedir. \u00dcretilecek elektrik enerjisi G\u00fcne\u015f oldu\u011fu zamanlar \u00fcretilecek ve enterkonnekte \u015febekeye verilecektir. Aynca G\u00fcne\u015f pili \u00fcretimi-nede \u00f6nem yermeliyiz. G\u00fcne\u015fle \u00e7al\u0131\u015fan otomobiller otoyollara \u00e7\u0131kmaya haz\u0131rlanmaktad\u0131r.&#8217; Radyo ve TV.&#8217;ler, hesap makineleri, trafik lambalar\u0131 ve t\u00fcm \u0131\u015f\u0131kland\u0131rmalar g\u00fcne\u015f pilleri ile \u015fu an yap\u0131lmaktad\u0131r.<\/p>\n\n\n\n<p><strong>6- H\u0130DROJEN<\/strong><\/p>\n\n\n\n<p>21. y\u00fczy\u0131l\u0131n yak\u0131t\u0131 olan hidrojen, do\u011fal bir yak\u0131t olmay\u0131p birincil enerji kaynaklar\u0131ndan yararlan\u0131larak de\u011fi\u015fik hammaddelerden \u00fcretilebilen bir yak\u0131tt\u0131r. Hidrojen \u00fcretiminde kullan\u0131labilen birincil&#8217;hammaddeler ise su, fosil yak\u0131tlar ve biyo-k\u00fctledir. Hidrojen \u00fcretimi i\u00e7in \u00e7e\u015fitli metotlar bulunmaktad\u0131r.. \u00d6rne\u011fin EQHHPP&#8217;nde hidrojen \u00fcretimi suyun elektrolizi ile sa\u011flanmaktad\u0131r. 2007 y\u0131l\u0131nda hidrojen yak\u0131t\u0131 ile&#8217;\u00e7al\u0131\u015facak Air Bus sipari\u015fleri al\u0131n\u0131rken ABD&#8217;de ve Kanada&#8217;da hidrojenle \u00e7al\u0131\u015fan otob\u00fcsler toplu ta\u015f\u0131ma<\/p>\n\n\n\n<p>hizmetlerine ba\u015flam\u0131\u015ft\u0131r. Hidrojen, t\u00fcplenmi\u015f al\u00e7ak bas\u0131n\u00e7l\u0131 gaz ve y\u00fcksek bas\u0131n\u00e7l\u0131 gaz d\u0131\u015f\u0131nda s\u0131v\u0131la\u015ft\u0131nl-m\u0131\u015f. dondurulmu\u015f ve metalik hidrit bi\u00e7iminde depolanabilmektedir. Hidrojen, boru hatlar\u0131yla gaz olarak ta\u015f\u0131nabildi\u011fi gibi y\u00fcksek bas\u0131n\u00e7l\u0131 gaz ve s\u0131v\u0131la\u015ft\u0131r\u0131lm\u0131\u015f bi\u00e7iminde tankerlerle ta\u015f\u0131nabilmektedir.. Hidrojen, alevli yanmaya oldu\u011fu kadar katalitik yanmaya. do\u011frudan buhar \u00fcretimine. kimyasal d\u00f6n\u00fc\u015f\u00fcme uygun bir yak\u0131tt\u0131r. Fosil yak\u0131tlarda alevli yanma d\u0131\u015f\u0131nda s\u0131ralanan \u00f6zelliklerin bulunmay\u0131\u015f\u0131 hidrojenin \u00fcst\u00fcnl\u00fc\u011f\u00fcd\u00fcr. Hidrojenin alevli yanmas\u0131 i\u00e7ten yanmal\u0131 motorlarda (Diesel). gaz. t\u00fcrbinlerinde (Jet motorlar\u0131nda), roket yak\u0131tlar\u0131nda. Is\u0131tmada ve pi\u015firmede uygulanabilmektedir. Hidrojenin yanmas\u0131 ile buhar \u00fcretimi .(End\u00fcstriyel ve Is\u0131tma) de yap\u0131lmakta ve t\u00fcrbin-jenera-: t\u00f6r ikilisi ile elektrik enerjisi-de \u00fcretilmektedir. : Hidrojenin hidritle\u015fmeye dayal\u0131 kimyasal d\u00f6n\u00fc\u015f\u00fcm\u00fc hidrojen depolaman\u0131n d\u0131\u015f\u0131nda hidrojen ar\u0131tma., d\u00f6-teryum ayn\u015ft\u0131rmas\u0131 s\u0131k\u0131\u015ft\u0131rma, pompalama, \u0131s\u0131 pompalar\u0131, so\u011futma iklimlendirme ve elektrik \u00fcretiminde kullan\u0131l\u0131r. T\u00fcbitak&#8217;\u0131n koordinat\u00f6rl\u00fc\u011f\u00fcnde haz\u0131rlanacak projeler ile 21. y\u00fczy\u0131l\u0131n yak\u0131t\u0131 ve \u00e7evre dostu hidrojenden enerji kayna\u011f\u0131 olarak yararlanmal\u0131y\u0131z. \u00d6zetle: Enerji Kaynaklan (Petrol, Do\u011fal Gaz. LPG) olarak d\u0131\u015fa ba\u011f\u0131ml\u0131 olan \u00fclkemizin giderek artan bu ba\u011f\u0131ml\u0131l\u0131\u011f\u0131n\u0131 \u00f6nlemek i\u00e7in ene\u0131ji ile ilgili kurum ve kurulu\u015flara! m\u00fc\u015fterek&#8221; Ara\u015ft\u0131rma-Geli\u015ftirme&#8221;ler yapmas\u0131, Enerji TeknoParklar\u0131n\u0131n olu\u015fturulmas\u0131 ve \u00dcniversiteleremizin b\u00fcnyesine enerji&#8221; m\u00fchendisli\u011fi ile teknisyenli\u011fi e\u011fitimlerinin ilave edilmesi uygun olacakt\u0131r. Ekonomimize \u00f6nemli \u00a1bir y\u00fck getiren enerji hammaddelerindeki d\u0131\u015fa ba\u011f\u0131ml\u0131l\u0131\u011f\u0131n azalt\u0131lmas\u0131 i\u00e7in aynca. enerji tasarrufuna \u00f6nem vermemiz ve israflan \u00f6niememiz gerekmektedir.<\/p>\n\n\n\n<p>israflar\u0131n \u00f6nlenmesi ile, y\u00fczde 50&#8217;lere varan ene\u00f6i tasarrufu sa\u011flamak m\u00fcmk\u00fcnd\u00fcr. Enerji tasarruflar\u0131n\u0131 termik enerji santrallerinde, sanayilerde ve yerle\u015fim birimlerindeki kazanlar\u0131n yanma verimini art\u0131rarak. Enerji iletim hatlanndaki kay\u0131ptan , asgariye,indirmek i\u00e7in uluslararas\u0131 standartlara uygun malzemeleri kullanarak., in\u015faatlarda \u0131s\u0131 ge\u00e7irgenli\u011fi, en az plan yal\u0131t\u0131m malzemelerini (Ta\u015f y\u00fcn\u00fc. Cam &#8216;y\u00fcn\u00fc. Perlit, Is\u0131 cam ye Low-e camlar gibi) kullanarak, otomotivlerin periyodik bak\u0131mlar\u0131n\u0131 servislerde yapt\u0131rarak ve, sanayilerdi &#8220;G\u00fc\u00e7 Kom-panza\u015fyon \u00fcnitelerini kullanarak Cosy de\u011ferlerini 0.65&#8217;lerden 0.90&#8217;lara y\u00fckselterek (Reaktif Enerjileri Aktif Enerjileri d\u00f6n\u00fc\u015ft\u00fcrerek)&#8230; v.b. gibi uygulamalarla ger\u00e7ekle\u015ftirebi!iriz.<\/p>\n\n\n\n<p>Faydalan\u0131lan Kaynaklar<\/p>\n\n\n\n<p><strong>1.\u00a0<\/strong>Prof. Dr. Ahmet Y\u00fcksel \u00d6zemre &#8220;Enerji Kaynaklan a\u00e7\u0131s\u0131ndan d\u00fcnyan\u0131n gelece\u011fi&#8221; tebli\u011fi<\/p>\n\n\n\n<p><strong>2.\u00a0<\/strong>Bilim ve Teknik Dergileri<\/p>\n\n\n\n<ul><li>Mart 1995 &#8220;N\u00fckleer Enerji&#8221;<\/li><li>Mart 1996 &#8220;G\u00fcne\u015f Enerjisi&#8221;<\/li><li>May\u0131s 1996 &#8220;Biyo-K\u00fctle Enerjisi&#8221;<\/li><li>Temmuz 1996 &#8220;Hidrojen Enerjisi&#8221;<\/li><li>Ekim 1997 &#8220;Uzay Ara\u015ft\u0131rmalar\u0131&#8221;<\/li><\/ul>\n","protected":false},"excerpt":{"rendered":"<p>\u0130stanbul Sanayi Odas\u0131 &#8211; Ocak 1998 Geli\u015fen sanayimiz ve artan n\u00fcfusumuz ile geli\u015fen yerle\u015fim ve i\u015f merkezleri ve artan ula\u015f\u0131m vas\u0131talan enerji taleplerini h\u0131zla art\u0131rmaktad\u0131r.&#8230;<\/p>\n","protected":false},"author":1,"featured_media":0,"parent":0,"menu_order":0,"comment_status":"closed","ping_status":"closed","template":"","meta":[],"_links":{"self":[{"href":"https:\/\/erdogankutlu.com\/index.php\/wp-json\/wp\/v2\/pages\/107"}],"collection":[{"href":"https:\/\/erdogankutlu.com\/index.php\/wp-json\/wp\/v2\/pages"}],"about":[{"href":"https:\/\/erdogankutlu.com\/index.php\/wp-json\/wp\/v2\/types\/page"}],"author":[{"embeddable":true,"href":"https:\/\/erdogankutlu.com\/index.php\/wp-json\/wp\/v2\/users\/1"}],"replies":[{"embeddable":true,"href":"https:\/\/erdogankutlu.com\/index.php\/wp-json\/wp\/v2\/comments?post=107"}],"version-history":[{"count":1,"href":"https:\/\/erdogankutlu.com\/index.php\/wp-json\/wp\/v2\/pages\/107\/revisions"}],"predecessor-version":[{"id":108,"href":"https:\/\/erdogankutlu.com\/index.php\/wp-json\/wp\/v2\/pages\/107\/revisions\/108"}],"wp:attachment":[{"href":"https:\/\/erdogankutlu.com\/index.php\/wp-json\/wp\/v2\/media?parent=107"}],"curies":[{"name":"wp","href":"https:\/\/api.w.org\/{rel}","templated":true}]}}