{"id":121,"date":"2018-10-02T01:35:15","date_gmt":"2018-10-01T22:35:15","guid":{"rendered":"http:\/\/erdogankutlu.com\/yeni\/wordpress\/?page_id=121"},"modified":"2018-10-02T01:35:15","modified_gmt":"2018-10-01T22:35:15","slug":"international-maritime-consortiumbank-ile-international-maritime-university-kurulmasi-onerisi","status":"publish","type":"page","link":"https:\/\/erdogankutlu.com\/index.php\/international-maritime-consortiumbank-ile-international-maritime-university-kurulmasi-onerisi\/","title":{"rendered":"International Maritime Consortiumbank ile International Maritime University kurulmas\u0131 \u00f6nerisi"},"content":{"rendered":"\n<p>\u0130stanbul Deniz Ticaret Odas\u0131 Dergisi &#8211; 24 Ocak \u015eubat 1995<\/p>\n\n\n\n<p>Deniz ticaretimizin geli\u015ftirilmesi ve g\u00fc\u00e7lendirilmesi i\u00e7in Uluslararas\u0131 d\u00fczeyde F\u0130NANS + E\u011e\u0130T\u0130M m\u00fcesselerine ihtiyac\u0131m\u0131z vard\u0131r.<\/p>\n\n\n\n<p>F\u0130NANS m\u00fcesseseleri olarak :<\/p>\n\n\n\n<p>Finans + Teknoloji y\u00f6n\u00fcnden geli\u015fmi\u015f \u00fclkelerin (Japonya, \u0130sve\u00e7, Non\/e\u00e7, Kanada, \u0130svi\u00e7re&#8230; vb gibi) Uluslararas\u0131 Bankalar\u0131 ile armat\u00f6rlerimizin ortak olaca\u011f\u0131 &#8220;International Maritime Consortium Banklar\u0131n kurulmas\u0131 uygun olacakt\u0131r.<\/p>\n\n\n\n<p>&#8220;\u0130htisas Bankas\u0131&#8221; konumunda olacak bu t\u00fcr bankalarla sa\u011flanacak en \u00f6nemli avantaj: Kredi maliyetlerinin d\u00fc\u015f\u00fckl\u00fc\u011f\u00fc ve \u015fartlan olacakt\u0131r.<\/p>\n\n\n\n<p>\u015e\u00f6yle ki : D\u0131\u015f kredilerde en \u00f6nemli Finans pazar\u0131 olan Euro-Pazarlarda *kredi talepleri i\u00e7in \u00f6nce bir Y\u00f6netici Bankaya (Lead-Manager) ba\u015fvuruluyor. Y\u00f6netici banka projeyi uygun g\u00f6r\u00fcrse krediye i\u015ftirak i\u00e7in \u00e7e\u015fitli bankalar\u0131 &#8220;Co-manager&#8221; ve &#8220;Ajan Banka&#8221; olarak consortiuma davet ediyor. Kurulan &#8220;consortium&#8221; da Spread + Komisyonlar (Y\u00f6netim + Taahh\u00fct + Kat\u0131l\u0131m) kararla\u015ft\u0131r\u0131l\u0131yor ve kredinin maliyeti (LI-BOR + Spread + Komisyonlar) belli oluyor. Ancak d\u0131\u015f kredilerde krediye i\u015ftirak eden bankalara \u00f6denen Spread + Komisyonlar \u00fclkelere g\u00f6re \u00e7ok farkl\u0131l\u0131klar g\u00f6stermekte ve IMF&#8217;in ye\u015fil \u0131\u015f\u0131k yakmad\u0131\u011f\u0131 \u00fclke yat\u0131r\u0131mc\u0131lar\u0131 maalesef bunun faturas\u0131n\u0131 y\u00fcksek Spread + Komisyon \u00f6deyerek \u00f6demektedirler. Hatta bu maliyetlere raz\u0131 olduklar\u0131 halde]&#8217; yine kredi bulamamaktad\u0131rlar.<\/p>\n\n\n\n<p>Oysa Deniz ta\u015f\u0131mac\u0131l\u0131\u011f\u0131 Uluslararas\u0131 sularda faaliyet g\u00f6stertdi\u011fi i\u00e7in Uluslaraibas\u0131 bir yat\u0131r\u0131md\u0131r. \u00dclke riskinden etkilenmemesi. gerekir. Bunun i\u00e7in Euro-Pazarlarda \u00f6denen Spread + Komisyonlar\u0131n hem d\u00fc\u015f\u00fck olmas\u0131, hem kar\u0131n bir k\u0131sm\u0131n\u0131n tekrar armat\u00f6rlerimize kalmas\u0131, hem de her an kredi temin edilebilmesi i\u00e7in, geli\u015fmi\u015f \u00fclke Uluslararas\u0131. Bankalar\u0131 ile m\u00fc\u015fterek &#8220;International Maritime Consortium Bank&#8217;lann kurulmas\u0131 uygun olacakt\u0131r.<\/p>\n\n\n\n<p>Deniz Ticaretimizin gelece\u011fi i\u00e7in di\u011fer \u00f6nemli bir alt yap\u0131 yat\u0131r\u0131m\u0131 da &#8220;International Maritime University&#8221;nin kurulmas\u0131 olmal\u0131d\u0131r.<\/p>\n\n\n\n<p>Uluslararas\u0131 d\u00fczeyde bir DEN\u0130ZC\u0130L\u0130K E\u011e\u0130T\u0130M\u0130 alt yap\u0131s\u0131na sahip olmayan \u00fclkelerin b\u00fcy\u00fck bir filoya sahip olmalar\u0131 hi\u00e7 \u00f6nemli de\u011fildir.<\/p>\n\n\n\n<p>\u00d6nemli olan Uluslararas\u0131 \u0130\u015fletmeciliktir. Bu da e\u011fitimle sa\u011flanabilmektedir.<\/p>\n\n\n\n<p>Bunun i\u00e7in :<\/p>\n\n\n\n<p>B\u00fcnyesinde Finans, Uluslararas\u0131 Gemi ve Liman \u0130\u015fletmecili\u011fi, Deniz Hukuku, M\u00fchendislik, G\u00fcverte, Deniz Turizmi, Bal\u0131k\u00e7\u0131l\u0131k, Denizalt\u0131 kaynaklar\u0131 v.b. gibi b\u00f6l\u00fcmlerin bulunaca\u011f\u0131 Uluslararas\u0131 d\u00fczeyde e\u011fitim verecek bir &#8220;Denizcilik \u00dcniversitesinin&#8221; kurulmas\u0131, Deniz Ticaretimizin, gelece\u011fi a\u00e7\u0131s\u0131ndan uygun olacakt\u0131r.<\/p>\n","protected":false},"excerpt":{"rendered":"<p>\u0130stanbul Deniz Ticaret Odas\u0131 Dergisi &#8211; 24 Ocak \u015eubat 1995 Deniz ticaretimizin geli\u015ftirilmesi ve g\u00fc\u00e7lendirilmesi i\u00e7in Uluslararas\u0131 d\u00fczeyde F\u0130NANS + E\u011e\u0130T\u0130M m\u00fcesselerine ihtiyac\u0131m\u0131z vard\u0131r. F\u0130NANS&#8230;<\/p>\n","protected":false},"author":1,"featured_media":0,"parent":0,"menu_order":0,"comment_status":"closed","ping_status":"closed","template":"","meta":[],"_links":{"self":[{"href":"https:\/\/erdogankutlu.com\/index.php\/wp-json\/wp\/v2\/pages\/121"}],"collection":[{"href":"https:\/\/erdogankutlu.com\/index.php\/wp-json\/wp\/v2\/pages"}],"about":[{"href":"https:\/\/erdogankutlu.com\/index.php\/wp-json\/wp\/v2\/types\/page"}],"author":[{"embeddable":true,"href":"https:\/\/erdogankutlu.com\/index.php\/wp-json\/wp\/v2\/users\/1"}],"replies":[{"embeddable":true,"href":"https:\/\/erdogankutlu.com\/index.php\/wp-json\/wp\/v2\/comments?post=121"}],"version-history":[{"count":1,"href":"https:\/\/erdogankutlu.com\/index.php\/wp-json\/wp\/v2\/pages\/121\/revisions"}],"predecessor-version":[{"id":122,"href":"https:\/\/erdogankutlu.com\/index.php\/wp-json\/wp\/v2\/pages\/121\/revisions\/122"}],"wp:attachment":[{"href":"https:\/\/erdogankutlu.com\/index.php\/wp-json\/wp\/v2\/media?parent=121"}],"curies":[{"name":"wp","href":"https:\/\/api.w.org\/{rel}","templated":true}]}}