{"id":157,"date":"2018-10-02T01:57:14","date_gmt":"2018-10-01T22:57:14","guid":{"rendered":"http:\/\/erdogankutlu.com\/yeni\/wordpress\/?page_id=157"},"modified":"2018-10-02T01:57:33","modified_gmt":"2018-10-01T22:57:33","slug":"konya-ovasinda-micro-chip-uretelim","status":"publish","type":"page","link":"https:\/\/erdogankutlu.com\/index.php\/konya-ovasinda-micro-chip-uretelim\/","title":{"rendered":"Konya Ovas\u0131\u2019nda &#8221;Micro-Chip&#8221; \u00dcretelim?"},"content":{"rendered":"\n<p><em>D\u00fcnya Gazetesi\u00a0<\/em>&#8211; &#8230;.<\/p>\n\n\n\n<p>Konya Ovas\u0131 &#8216;n\u0131n verimsiz b\u00f6l\u00fcmleri bilgi teknolojisi \u00fcretiminin yap\u0131ld\u0131\u011f\u0131 bir silikon vadisi haline getirilebilir.<\/p>\n\n\n\n<p>Konya Ovas\u0131 &#8216;nda &#8220;micro-chip&#8221; \u00dcretelim projesini ger\u00e7ekle\u015ftirebilmek i\u00e7in; . Konyal\u0131 sanayici ve i\u015fadamlar\u0131m\u0131z\u0131n bi-raraya gelerek<\/p>\n\n\n\n<p>1- Teknobank kurmas\u0131<\/p>\n\n\n\n<p>2- Teknopark (\u00d6zel Konya Teknik \u00dcniversitesi ve AR-GE&#8217;leri ile olu\u015ftunnas\u0131<\/p>\n\n\n\n<p>3- Y\u00fcksek teknoloji ihtiva eden \u00dcr\u00fcnlerin \u00dcretimine ge\u00e7mesi.<\/p>\n\n\n\n<p>Projenin ger\u00e7ekle\u015fmesini m\u00fcmk\u00fcn k\u0131lacakt\u0131r.<\/p>\n\n\n\n<p>1-Teknobank\u0131n kurulmas\u0131;<\/p>\n\n\n\n<p>Finans + teknoloji y\u00f6n\u00fcnden g\u00fc\u00e7l\u00fc \u00dclkelerin (Japonya, \u0130sve\u00e7, Norve\u00e7, Kanada, \u0130svi\u00e7re&#8230; v.bi gibi) uluslararas\u0131 bankalar\u0131 ile m\u00fc\u015fterek &#8220;international consortiumbank&#8221; kurularak ger\u00e7ekle\u015ftirilebilir.<\/p>\n\n\n\n<p>\u0130htisas bankas\u0131 konumunda ve yat\u0131r\u0131m kredi ama\u00e7l\u0131 olacak bu banka sadece y\u00fcksek teknoloji ihtiva eden \u00fcretim tesislerinin yat\u0131r\u0131m\u0131n\u0131 koordine edecek ve finans ihtiyac\u0131m en d\u00fc\u015f\u00fck maliyetle: kendi kaynaklar\u0131ndan ve euro pazarlardan euro-kredi veya ei\u0131ro-tahvil ihrac\u0131 ile temin edebilecektir.<\/p>\n\n\n\n<p>2- Teknoparklar\u0131n olu\u015fturulmas\u0131<\/p>\n\n\n\n<p>Teknobanklar sadece teknoparklardaki projeleri finanse edecekleri i\u00e7in teknoparklar\u0131n olu\u015fturulmas\u0131 \u00f6nemlidir.<\/p>\n\n\n\n<p>Bunun i\u00e7in; &#8220;Konya yilksek teknoloji vakf\u0131&#8221; kurulabilir ve vak\u0131fb\u00fcnyesinde;<\/p>\n\n\n\n<p>a) \u00d6zel Konya teknik \u00fcniversitesi<\/p>\n\n\n\n<p>b) Uluslararas\u0131 bilim ve teknoloji AR-GE&#8217;leri kurularak teknoparklar olu\u015fturulabilir.<\/p>\n\n\n\n<p>\u00dcniversitenin b\u00fcnyesinde, geli\u015fen teknolojilerin beraberinde getirdikleri yeni meslek dallar\u0131 bulunmal\u0131d\u0131r.<\/p>\n\n\n\n<p>Bunlar, robot m\u00fch. ve teknisyenli\u011fi Laser m\u00fch. ve teknisyenli\u011fi, Enerji m\u00fch. ve teknisyenli\u011fi, N\u00fckleer (T\u0131p) m\u00fch. ve teknisyenli\u011fi N\u00fckleer (T\u0131p) m\u00fch. ve teknisyenli\u011fi<\/p>\n\n\n\n<p>Uzay M\u00fch. ve teknisyenli\u011fi, Uydu m\u00fch. ve teknisyenli\u011fi, Roket M\u00fch. ve teknisyenli\u011fi, Genetik M\u00fch. ve teknisyenli\u011fi ve F\u0130NANS M\u00dcHEND\u0130SL\u0130\u011e\u0130<\/p>\n\n\n\n<p>3- Y\u00fcksek teknoloji ihtiva eden \u00fcr\u00fcnlerin \u00fcretimi<\/p>\n\n\n\n<p>AR-GE \u2018lerde geli\u015ftirilecek ve teknobanklar taraf\u0131ndan kredilendirilecek y\u00fcksek teknoloji ihtiva eden projelere \u00f6rnek olarak;<\/p>\n\n\n\n<p>\u00b7 Micro-chip<\/p>\n\n\n\n<p>\u00b7 Bilgisayar chazlar\u0131<\/p>\n\n\n\n<p>\u00b7 Elektronik cihazlar<\/p>\n\n\n\n<p>\u00b7 Fiber optik cihazlar<\/p>\n\n\n\n<p>\u00b7 S\u00fcper iletkenler<\/p>\n\n\n\n<p>\u00b7 S\u00fcper h\u0131zl\u0131 iletkenler<\/p>\n\n\n\n<p>\u00b7 U\u00e7aklar, helikopterler<\/p>\n\n\n\n<p>\u00b7 Ak\u0131ll\u0131 f\u00fczeler<\/p>\n\n\n\n<p>\u00b7 Savunma silahlar\u0131<\/p>\n\n\n\n<p>\u00b7 Uydular (ara\u015ft\u0131rma, meteoroloji, haberle\u015fme, enerji)<\/p>\n\n\n\n<p>\u00b7 Laser cihazlar\u0131<\/p>\n\n\n\n<p>\u00b7 Optik cihazlar<\/p>\n\n\n\n<p>\u00b7 T\u0131bbi cihazlar<\/p>\n\n\n\n<p>\u00b7 Robot (t\u0131bbi) chazlar\u0131<\/p>\n\n\n\n<p>\u00b7 Robot (end.) chazlar\u0131<\/p>\n\n\n\n<p>\u00b7 Buhar t\u00fcrbinleri<\/p>\n\n\n\n<p>\u00b7 Su t\u00fcrbinleri<\/p>\n\n\n\n<p>\u00b7 N\u00fckleer ve plutonyum enerji santralleri<\/p>\n\n\n\n<p>\u00b7 G\u00fcne\u015f uydular\u0131 ve enerji santrallar\u0131<\/p>\n\n\n\n<p>&#8230;vb gibi projeler g\u00f6sterilebilir.<\/p>\n\n\n\n<p>Kredi taleplerinde teknobank yurti\u00e7i ve d\u0131\u015f\u0131ndaki finans pazarlar\u0131na y\u00f6netici banka (lead manager) olarak c\u0131kacak ve krediye ortak \u201cco-manager\u201d bularak bir \u201cconsortium\u201d olu\u015fturacak ve en d\u00fc\u015f\u00fck maliyetle krediyi temin edebilecektir.<\/p>\n\n\n\n<p>Ayr\u0131ca hisse senetleri ve tahvl ihra\u00e7lar\u0131 ile halka ve euro tahvil ihra\u00e7lar\u0131 ile euro pazarlara a\u00e7\u0131labilecektir.<\/p>\n\n\n\n<p>Tesislerin kurulaca\u011f\u0131 b\u00f6lgenin altyap\u0131s\u0131 da bu projelerin tamamlay\u0131c\u0131s\u0131 olaca\u011f\u0131 i\u00e7in projeler bir b\u00fct\u00fcn \u015fekilde kredilenebilecektir.<\/p>\n\n\n\n<p>Bu projeler,<\/p>\n\n\n\n<p>a) Tesislere do\u011falgaz getirilmesi ve do-\u011falgaza dayal\u0131 enerji santrallann\u0131n tesisler taraf\u0131ndan kun\u0131lmas\u0131 projesi.<\/p>\n\n\n\n<p>Gerekli do\u011falgaz yap i\u015flet deftet modeIi ile Yumurtal\u0131k&#8217;ta kuh\u0131lacak bir do\u011falgaz ; deniz terminali + i\u015fleme tesisi +.boru haler\u0131 ile s\u00e2\u011flanabilir.<\/p>\n\n\n\n<p>(Deniz tankerleri.ile ta\u015f\u0131nan do\u011falgaz -168 OC&#8217;de ve 600 defa k\u00fc\u00e7\u00fclt\u00fclerek ta\u015f\u0131nd\u0131\u011f\u0131 i\u00e7in direkt kullanam\u0131yoruz. \u0130\u015fleme tesir sinde baz\u0131 i\u015flemlerden ge\u00e7mesi gerekiyor,) Yumurtal\u0131k&#8217;ta kurulacak.do\u011falgaz deniz terminali + i\u015fleme tesisleri sadece Konya&#8217;n\u0131n de\u011fil \u0130skenderun Demir. \u00c7elik,. Gaziantep, Kahramanmara\u015f, Adana, Tarsus, veMersin gibi \u00e7evre il, il\u00e7e.ve sanayilerin enerji ihtiyac\u0131n\u0131 da kar\u015f\u0131layabilecektir.<\/p>\n\n\n\n<p>b) K\u0131z\u0131l\u0131rmak&#8217;tan boru hatlar\u0131 ile su getirilmesi projesi:<\/p>\n\n\n\n<p>c) Otoyollara Ba\u011flant\u0131 projeleri<\/p>\n\n\n\n<p>d) TesisIeriiibu\u00cei\u0131hdu\u011fu;b\u00f6lgeyehavaala-; n\u0131, tesislere heliporl..ve Konya ilimiz\u00e7. uluslararas\u0131 havaliman\u0131 projeleri .<\/p>\n\n\n\n<p>e) Limanlara; s\u00fcper.h\u0131zl\u0131 .trenlerle, ula\u015f\u0131labilmesi J\u00e7in \u0131, demiryollar\u0131n\u0131n yenilenmesi ve Gemlik.Liman\u0131 ile Antalya. Liman\u0131 i\u00e7in demiryolu&#8217;ba\u011flant\u0131ar\u0131n\u0131n yap\u0131lmas\u0131 projesi, (Gemlik Liman\u0131 ile ba\u011flant\u0131 Bilecik Osmaneli\u2019 den sa\u011flanabilir.)<\/p>\n\n\n\n<p>f) Tesislerin, \u00e7evre kirlili\u011fine .sebep olT. mas\u0131n\u0131 \u00f6nleyecek projeler.<\/p>\n\n\n\n<p>g) Tesisler i\u00e7in beyin .adam\u0131 yeti\u015ftirecek \u00f6zel Konya teknik \u00fcniversitesi. \u00a1le AR-GE hizmeti verecek.uluslararas\u0131 bilim ye teknoloji ara\u015ft\u0131\u0131ma-geli\u015ftirine enstit\u00fcs\u00fc projeleri &#8230; v.b. gibi projelerdir.<\/p>\n\n\n\n<p>Bu projelerin ger\u00e7ekle\u015ftirilmesi ve tesise lerin kurulaca\u011f\u0131 b\u00f6lgenin etraflar\u0131na modern yerle\u015fim ve i\u015f merkezlerinin kurulmas\u0131 ile Konya Ovas\u0131&#8217;n\u0131n verimi d\u00fc\u015f\u00fck b\u00f6lgeleri y\u00fcksek teknoloji \u00fcretiminin yap\u0131ld\u0131\u011f\u0131 y\u00fcksek verim al\u0131nan b\u00f6lgeler haline getirilebilir.<\/p>\n","protected":false},"excerpt":{"rendered":"<p>D\u00fcnya Gazetesi\u00a0&#8211; &#8230;. Konya Ovas\u0131 &#8216;n\u0131n verimsiz b\u00f6l\u00fcmleri bilgi teknolojisi \u00fcretiminin yap\u0131ld\u0131\u011f\u0131 bir silikon vadisi haline getirilebilir. Konya Ovas\u0131 &#8216;nda &#8220;micro-chip&#8221; \u00dcretelim projesini ger\u00e7ekle\u015ftirebilmek i\u00e7in;&#8230;<\/p>\n","protected":false},"author":1,"featured_media":0,"parent":0,"menu_order":0,"comment_status":"closed","ping_status":"closed","template":"","meta":[],"_links":{"self":[{"href":"https:\/\/erdogankutlu.com\/index.php\/wp-json\/wp\/v2\/pages\/157"}],"collection":[{"href":"https:\/\/erdogankutlu.com\/index.php\/wp-json\/wp\/v2\/pages"}],"about":[{"href":"https:\/\/erdogankutlu.com\/index.php\/wp-json\/wp\/v2\/types\/page"}],"author":[{"embeddable":true,"href":"https:\/\/erdogankutlu.com\/index.php\/wp-json\/wp\/v2\/users\/1"}],"replies":[{"embeddable":true,"href":"https:\/\/erdogankutlu.com\/index.php\/wp-json\/wp\/v2\/comments?post=157"}],"version-history":[{"count":3,"href":"https:\/\/erdogankutlu.com\/index.php\/wp-json\/wp\/v2\/pages\/157\/revisions"}],"predecessor-version":[{"id":160,"href":"https:\/\/erdogankutlu.com\/index.php\/wp-json\/wp\/v2\/pages\/157\/revisions\/160"}],"wp:attachment":[{"href":"https:\/\/erdogankutlu.com\/index.php\/wp-json\/wp\/v2\/media?parent=157"}],"curies":[{"name":"wp","href":"https:\/\/api.w.org\/{rel}","templated":true}]}}