{"id":178,"date":"2018-10-02T02:29:16","date_gmt":"2018-10-01T23:29:16","guid":{"rendered":"http:\/\/erdogankutlu.com\/yeni\/wordpress\/?page_id=178"},"modified":"2018-10-02T02:29:16","modified_gmt":"2018-10-01T23:29:16","slug":"milli-kurtulus-hareketi","status":"publish","type":"page","link":"https:\/\/erdogankutlu.com\/index.php\/milli-kurtulus-hareketi\/","title":{"rendered":"M\u0130LL\u0130 KURTULU\u015e HAREKET\u0130"},"content":{"rendered":"\n<h3><a href=\"http:\/\/www.maol.meb.gov.tr\/html_files\/Ataturk\/Meslek_Canakkale2010.html\" target=\"_blank\" rel=\"noreferrer noopener\"><strong>\u00c7anakkale Zaferimiz<\/strong><\/a>\u00a0(<strong>18 MART 1915)<\/strong><\/h3>\n\n\n\n<h3><strong><a href=\"http:\/\/www.atam.gov.tr\/index.php?Page=DergiIcerik&amp;IcerikNo=1053\" target=\"_blank\" rel=\"noreferrer noopener\">YUNAN \u0130ZM\u0130R&#8217;E G\u0130RD\u0130<\/a><\/strong>\u00a0<strong>(<strong>15 MAYIS 1919)<\/strong><\/strong><strong><br\/>* 16 MAYIS 1919\u00a0MUSTAFA KEMAL\u00a0Deniz yoluyla Anadolu&#8217;ya hareket etti.<\/strong><\/h3>\n\n\n\n<h3><a href=\"http:\/\/www.kultur.gov.tr\/TR\/Genel\/BelgeGoster.aspx?F6E10F8892433CFF1279C58074C315376F57F2D04F86C330\" target=\"_blank\" rel=\"noreferrer noopener\"><strong>Amasya Tamimi<\/strong><\/a><strong>(22 Haziran\u00a01919)<\/strong><\/h3>\n\n\n\n<h3><a href=\"http:\/\/www.kho.edu.tr\/atasayfa\/buynutuk\/bolum03\/index24.htm\" target=\"_blank\" rel=\"noreferrer noopener\"><strong>Erzurum<\/strong>\u00a0Kongresi<\/a>\u00a0<strong>(23 Temmuz &#8211; 7 A\u011fustos 1919)<\/strong><\/h3>\n\n\n\n<h3><a href=\"http:\/\/www.kultur.gov.tr\/TR\/Genel\/BelgeGoster.aspx?F6E10F8892433CFF1279C58074C315370F295E8538674CF8\" target=\"_blank\" rel=\"noreferrer noopener\"><strong>Sivas\u00a0<\/strong>Kongresi<\/a>\u00a0<strong>(4 &#8211; 11 Eyl\u00fcl\u00a01919)<\/strong><\/h3>\n\n\n\n<h3><strong><a href=\"http:\/\/www.atam.gov.tr\/index.php?Page=DergiIcerik&amp;IcerikNo=916\" target=\"_blank\" rel=\"noreferrer noopener\">\u0130NG\u0130L\u0130ZLER \u0130STANBUL&#8217;U \u0130\u015eGAL ETT\u0130<\/a><\/strong>\u00a0<br\/><strong>(16\u00a0Mart 1920)<\/strong><\/h3>\n\n\n\n<h3><strong><a href=\"http:\/\/www.byegm.gov.tr\/YAYINLARIMIZ\/kitaplar\/turkiye2002x\/turkce\/site\/turkce\/html\/126-127.htm\" target=\"_blank\" rel=\"noreferrer noopener\">MECL\u0130S-\u0130 MEBUSAN DA\u011eITILDI<\/a><\/strong>\u00a0<strong>(20 Mart 1920)<\/strong><\/h3>\n\n\n\n<h3><a href=\"http:\/\/www.tbmm.gov.tr\/kultursanat\/yayinlar\/yayin003\/003_00_004.pdf\" target=\"_blank\" rel=\"noreferrer noopener\"><strong>TBMM Kurulu\u015fu<\/strong><\/a>\u00a0<strong>(23 Nisan 1920)<\/strong><\/h3>\n\n\n\n<h3><strong>1. \u0130n\u00f6n\u00fc Sava\u015f\u0131\u00a0<\/strong><strong>(6 Ocak 1921)<\/strong><\/h3>\n\n\n\n<h3><a href=\"http:\/\/tr.wikipedia.org\/wiki\/%C4%B0kinci_%C4%B0n%C3%B6n%C3%BC_Muharebesi\" target=\"_blank\" rel=\"noreferrer noopener\">2<strong>. \u0130n\u00f6n\u00fc Sava\u015f\u0131<\/strong><\/a>\u00a0<strong>(23\u00a0Mart 1921)<\/strong><\/h3>\n\n\n\n<h3><a href=\"http:\/\/www.kastamonu.gov.tr\/istiklal\/Default.html\" target=\"_blank\" rel=\"noreferrer noopener\"><strong>\u0130stiklal Yolu<\/strong><\/a><br\/><strong>\u0130nebolu&#8217;dan Ankara&#8217;ya \u0130stiklal Yolu<\/strong><\/h3>\n\n\n\n<h3><a href=\"http:\/\/www.tsk.tr\/8_TARIHTEN_KESITLER\/8_8_Turk_Tarihinde_Onemli_Gunler\/Sakarya_Meydan_Muharebesi\/Sakarya_Meydan_Muharebesi.htm\" target=\"_blank\" rel=\"noreferrer noopener\"><strong>Sakarya Meydan Sava\u015f\u0131<\/strong><\/a>\u00a0<br\/><strong>(22 A\u011fustos &#8211; 13 Eyl\u00fcl\u00a01921)<\/strong><\/h3>\n\n\n\n<h3><strong><a href=\"http:\/\/okulweb.meb.gov.tr\/09\/12\/423279\/Ataturk\/Ataturk%20hayati\/buyuk_taarruz.html\" target=\"_blank\" rel=\"noreferrer noopener\">B\u00fcy\u00fck Taarruz<\/a><\/strong>\u00a0<strong>(26 A\u011fustos 18 Eyl\u00fcl\u00a01922)<\/strong><\/h3>\n\n\n\n<h3><strong><a href=\"http:\/\/yazarlikyazilimi.meb.gov.tr\/Materyal\/manisa\/millimucadele\/antlasmalar.html\" target=\"_blank\" rel=\"noreferrer noopener\">Mudanya Ate\u015fkes Antla\u015fmas\u0131<\/a><\/strong>\u00a0<strong>(11 Ekim 1922)<\/strong><\/h3>\n\n\n\n<h3><strong>\u00a0<a href=\"http:\/\/www.kultur.gov.tr\/TR\/Genel\/BelgeGoster.aspx?F6E10F8892433CFF657B96472CD89203F6E3036611F52BD1\" target=\"_blank\" rel=\"noreferrer noopener\">LOZAN<\/a><\/strong>\u00a0<strong>(24 Temmuz 1923)<\/strong><\/h3>\n\n\n\n<h3><strong><a href=\"http:\/\/www.meb.gov.tr\/belirligunler\/29ekim\/yazilar\/cumhuriyet_ilani.htm\" target=\"_blank\" rel=\"noreferrer noopener\">Cumhuriyetin \u0130lan\u0131<\/a><\/strong><strong>\u00a0(29 Ekim 1923)<\/strong><\/h3>\n\n\n\n<h3><strong><a href=\"http:\/\/www.atam.gov.tr\/index.php?Page=DergiIcerik&amp;IcerikNo=92\" target=\"_blank\" rel=\"noreferrer noopener\">Hatay&#8217;\u0131n Ba\u011f\u0131ms\u0131zl\u0131\u011f\u0131<\/a><\/strong>\u00a0<strong>(27 Ocak 1937)<\/strong><\/h3>\n\n\n\n<h3><strong><a href=\"http:\/\/www.atam.gov.tr\/index.php?Page=KaynakcaliGunluk&amp;IcerikNo=3635\" target=\"_blank\" rel=\"noreferrer noopener\">Hatay&#8217;\u0131n Anavatana kat\u0131lmas\u0131<br\/><\/a><\/strong><strong>(7 Temmuz 1939)<\/strong><\/h3>\n","protected":false},"excerpt":{"rendered":"<p>\u00c7anakkale Zaferimiz\u00a0(18 MART 1915) YUNAN \u0130ZM\u0130R&#8217;E G\u0130RD\u0130\u00a0(15 MAYIS 1919)* 16 MAYIS 1919\u00a0MUSTAFA KEMAL\u00a0Deniz yoluyla Anadolu&#8217;ya hareket etti. Amasya Tamimi(22 Haziran\u00a01919) Erzurum\u00a0Kongresi\u00a0(23 Temmuz &#8211; 7 A\u011fustos&#8230;<\/p>\n","protected":false},"author":1,"featured_media":0,"parent":0,"menu_order":0,"comment_status":"closed","ping_status":"closed","template":"","meta":[],"_links":{"self":[{"href":"https:\/\/erdogankutlu.com\/index.php\/wp-json\/wp\/v2\/pages\/178"}],"collection":[{"href":"https:\/\/erdogankutlu.com\/index.php\/wp-json\/wp\/v2\/pages"}],"about":[{"href":"https:\/\/erdogankutlu.com\/index.php\/wp-json\/wp\/v2\/types\/page"}],"author":[{"embeddable":true,"href":"https:\/\/erdogankutlu.com\/index.php\/wp-json\/wp\/v2\/users\/1"}],"replies":[{"embeddable":true,"href":"https:\/\/erdogankutlu.com\/index.php\/wp-json\/wp\/v2\/comments?post=178"}],"version-history":[{"count":1,"href":"https:\/\/erdogankutlu.com\/index.php\/wp-json\/wp\/v2\/pages\/178\/revisions"}],"predecessor-version":[{"id":179,"href":"https:\/\/erdogankutlu.com\/index.php\/wp-json\/wp\/v2\/pages\/178\/revisions\/179"}],"wp:attachment":[{"href":"https:\/\/erdogankutlu.com\/index.php\/wp-json\/wp\/v2\/media?parent=178"}],"curies":[{"name":"wp","href":"https:\/\/api.w.org\/{rel}","templated":true}]}}