{"id":204,"date":"2018-10-02T03:21:08","date_gmt":"2018-10-02T00:21:08","guid":{"rendered":"http:\/\/erdogankutlu.com\/yeni\/wordpress\/?page_id=204"},"modified":"2019-01-29T12:04:51","modified_gmt":"2019-01-29T09:04:51","slug":"egitim","status":"publish","type":"page","link":"https:\/\/erdogankutlu.com\/index.php\/egitim\/","title":{"rendered":"E\u011e\u0130T\u0130M"},"content":{"rendered":"\n<div class=\"wp-block-columns has-3-columns\">\n<div class=\"wp-block-column\">\n<div class=\"wp-block-image\"><figure class=\"aligncenter\"><img loading=\"lazy\" width=\"95\" height=\"55\" src=\"http:\/\/erdogankutlu.com\/wp-content\/uploads\/2018\/10\/mit_logo.jpg\" alt=\"\" class=\"wp-image-242\"\/><\/figure><\/div>\n<\/div>\n\n\n\n<div class=\"wp-block-column\">\n<h3 style=\"text-align:center\"><a href=\"http:\/\/erdogankutlu.com\/index.php\/gelecegin-planlamasi-yapilirken\/\">GELECE\u011e\u0130N PLANLAMASI YAPILIRKEN<\/a><\/h3>\n\n\n\n<div style=\"height:20px\" aria-hidden=\"true\" class=\"wp-block-spacer\"><\/div>\n\n\n\n<h3 style=\"text-align:center\"><a href=\"http:\/\/erdogankutlu.com\/index.php\/gelecegin-aristokratlari\/\">GELECE\u011e\u0130N AR\u0130STOKRATLARI<\/a><\/h3>\n\n\n\n<div style=\"height:20px\" aria-hidden=\"true\" class=\"wp-block-spacer\"><\/div>\n\n\n\n<h3 style=\"text-align:center\"><a href=\"http:\/\/erdogankutlu.com\/index.php\/nobel-bilim-odulleri-ve-egitim-sistemimiz\/\">NOBEL B\u0130L\u0130M \u00d6D\u00dcLLER\u0130 ve E\u011e\u0130T\u0130M S\u0130STEM\u0130M\u0130Z<\/a><\/h3>\n\n\n\n<div style=\"height:20px\" aria-hidden=\"true\" class=\"wp-block-spacer\"><\/div>\n\n\n\n<h3 style=\"text-align:center\"><a href=\"http:\/\/erdogankutlu.com\/index.php\/bilgi-toplumuna-gecerken-egitim-sistemimizin-modernizasyonu\/\">B\u0130LG\u0130 TOPLUMUNA GE\u00c7ERKEN E\u011e\u0130T\u0130M S\u0130STEM\u0130M\u0130Z\u0130N MODERN\u0130ZASYONU<\/a><\/h3>\n\n\n\n<div style=\"height:20px\" aria-hidden=\"true\" class=\"wp-block-spacer\"><\/div>\n\n\n\n<h3 style=\"text-align:center\"><a href=\"http:\/\/erdogankutlu.com\/index.php\/ulkemizin-gelecegini-dogru-planlayabilmemiz-icin\/\">\u00dcLKEM\u0130Z\u0130N GELECE\u011e\u0130N\u0130 DO\u011eRU PLANLAYAB\u0130LMEM\u0130Z \u0130\u00c7\u0130N<\/a><\/h3>\n<\/div>\n\n\n\n<div class=\"wp-block-column\">\n<div class=\"wp-block-image\"><figure class=\"aligncenter\"><img loading=\"lazy\" width=\"135\" height=\"94\" src=\"http:\/\/erdogankutlu.com\/wp-content\/uploads\/2018\/10\/nasa.jpg\" alt=\"\" class=\"wp-image-241\"\/><\/figure><\/div>\n<\/div>\n<\/div>\n","protected":false},"excerpt":{"rendered":"<p>GELECE\u011e\u0130N PLANLAMASI YAPILIRKEN GELECE\u011e\u0130N AR\u0130STOKRATLARI NOBEL B\u0130L\u0130M \u00d6D\u00dcLLER\u0130 ve E\u011e\u0130T\u0130M S\u0130STEM\u0130M\u0130Z B\u0130LG\u0130 TOPLUMUNA GE\u00c7ERKEN E\u011e\u0130T\u0130M S\u0130STEM\u0130M\u0130Z\u0130N MODERN\u0130ZASYONU \u00dcLKEM\u0130Z\u0130N GELECE\u011e\u0130N\u0130 DO\u011eRU PLANLAYAB\u0130LMEM\u0130Z \u0130\u00c7\u0130N<\/p>\n","protected":false},"author":1,"featured_media":0,"parent":0,"menu_order":0,"comment_status":"closed","ping_status":"closed","template":"","meta":[],"_links":{"self":[{"href":"https:\/\/erdogankutlu.com\/index.php\/wp-json\/wp\/v2\/pages\/204"}],"collection":[{"href":"https:\/\/erdogankutlu.com\/index.php\/wp-json\/wp\/v2\/pages"}],"about":[{"href":"https:\/\/erdogankutlu.com\/index.php\/wp-json\/wp\/v2\/types\/page"}],"author":[{"embeddable":true,"href":"https:\/\/erdogankutlu.com\/index.php\/wp-json\/wp\/v2\/users\/1"}],"replies":[{"embeddable":true,"href":"https:\/\/erdogankutlu.com\/index.php\/wp-json\/wp\/v2\/comments?post=204"}],"version-history":[{"count":10,"href":"https:\/\/erdogankutlu.com\/index.php\/wp-json\/wp\/v2\/pages\/204\/revisions"}],"predecessor-version":[{"id":411,"href":"https:\/\/erdogankutlu.com\/index.php\/wp-json\/wp\/v2\/pages\/204\/revisions\/411"}],"wp:attachment":[{"href":"https:\/\/erdogankutlu.com\/index.php\/wp-json\/wp\/v2\/media?parent=204"}],"curies":[{"name":"wp","href":"https:\/\/api.w.org\/{rel}","templated":true}]}}