{"id":264,"date":"2018-10-02T14:28:50","date_gmt":"2018-10-02T11:28:50","guid":{"rendered":"http:\/\/erdogankutlu.com\/yeni\/wordpress\/?page_id=264"},"modified":"2018-10-03T07:43:43","modified_gmt":"2018-10-03T04:43:43","slug":"dis-ticaret","status":"publish","type":"page","link":"https:\/\/erdogankutlu.com\/index.php\/dis-ticaret\/","title":{"rendered":"DI\u015e T\u0130CARET"},"content":{"rendered":"\n<div class=\"wp-block-columns has-3-columns\">\n<div class=\"wp-block-column\">\n<div class=\"wp-block-image\"><figure class=\"aligncenter is-resized\"><img loading=\"lazy\" src=\"http:\/\/erdogankutlu.com\/yeni\/wordpress\/wp-content\/uploads\/2018\/10\/mit_logo.jpg\" alt=\"\" class=\"wp-image-242\" width=\"120\" height=\"55\"\/><figcaption><a href=\"http:\/\/www.mit.edu\">http:\/\/www.mit.edu<\/a><\/figcaption><\/figure><\/div>\n<\/div>\n\n\n\n<div class=\"wp-block-column\">\n<h3 style=\"text-align:center\"><a href=\"http:\/\/erdogankutlu.com\/index.php\/uzayda-ticaret-ve-hukuk\/\">UZAYDA T\u0130CARET VE HUKUK<\/a><\/h3>\n\n\n\n<div style=\"height:20px\" aria-hidden=\"true\" class=\"wp-block-spacer\"><\/div>\n\n\n\n<h3 style=\"text-align:center\"><a href=\"http:\/\/erdogankutlu.com\/index.php\/global-pazar-global-disiplin\/\">GLOBAL PAZAR GLOBAL D\u0130S\u0130PL\u0130N<\/a><\/h3>\n\n\n\n<div style=\"height:20px\" aria-hidden=\"true\" class=\"wp-block-spacer\"><\/div>\n\n\n\n<h3 style=\"text-align:center\"><a href=\"http:\/\/erdogankutlu.com\/index.php\/ekonomi-ve-dis-ticaret-konseyi-kurulmali\/\">Ekonomi ve D\u0131\u015f Ticaret Konseyi Kurulmal\u0131<\/a><\/h3>\n\n\n\n<h3 style=\"text-align:center\"><a href=\"http:\/\/erdogankutlu.com\/index.php\/gumruk-birligine-girerken-eureka-ile-iliskilerimizin-gelistirilmesi-ve-eurobanklarin-kurulmasi\/\">G\u00fcmr\u00fck Birli\u011fine Girerken EUREKA ile \u0130li\u015fkilerimizin Geli\u015ftirilmesi ve Eurobank\u2019lar\u0131n Kurulmas\u0131<\/a><\/h3>\n\n\n\n<div style=\"height:20px\" aria-hidden=\"true\" class=\"wp-block-spacer\"><\/div>\n<\/div>\n\n\n\n<div class=\"wp-block-column\">\n<div class=\"wp-block-image\"><figure class=\"aligncenter is-resized\"><img loading=\"lazy\" src=\"http:\/\/erdogankutlu.com\/yeni\/wordpress\/wp-content\/uploads\/2018\/10\/nasa.jpg\" alt=\"\" class=\"wp-image-241\" width=\"135\" height=\"94\"\/><figcaption><a href=\"http:\/\/www.nasa.gov\">http:\/\/www.nasa.gov<\/a><br\/><\/figcaption><\/figure><\/div>\n<\/div>\n<\/div>\n","protected":false},"excerpt":{"rendered":"<p>UZAYDA T\u0130CARET VE HUKUK GLOBAL PAZAR GLOBAL D\u0130S\u0130PL\u0130N Ekonomi ve D\u0131\u015f Ticaret Konseyi Kurulmal\u0131 G\u00fcmr\u00fck Birli\u011fine Girerken EUREKA ile \u0130li\u015fkilerimizin Geli\u015ftirilmesi ve Eurobank\u2019lar\u0131n Kurulmas\u0131<\/p>\n","protected":false},"author":1,"featured_media":0,"parent":0,"menu_order":0,"comment_status":"closed","ping_status":"closed","template":"","meta":[],"_links":{"self":[{"href":"https:\/\/erdogankutlu.com\/index.php\/wp-json\/wp\/v2\/pages\/264"}],"collection":[{"href":"https:\/\/erdogankutlu.com\/index.php\/wp-json\/wp\/v2\/pages"}],"about":[{"href":"https:\/\/erdogankutlu.com\/index.php\/wp-json\/wp\/v2\/types\/page"}],"author":[{"embeddable":true,"href":"https:\/\/erdogankutlu.com\/index.php\/wp-json\/wp\/v2\/users\/1"}],"replies":[{"embeddable":true,"href":"https:\/\/erdogankutlu.com\/index.php\/wp-json\/wp\/v2\/comments?post=264"}],"version-history":[{"count":3,"href":"https:\/\/erdogankutlu.com\/index.php\/wp-json\/wp\/v2\/pages\/264\/revisions"}],"predecessor-version":[{"id":359,"href":"https:\/\/erdogankutlu.com\/index.php\/wp-json\/wp\/v2\/pages\/264\/revisions\/359"}],"wp:attachment":[{"href":"https:\/\/erdogankutlu.com\/index.php\/wp-json\/wp\/v2\/media?parent=264"}],"curies":[{"name":"wp","href":"https:\/\/api.w.org\/{rel}","templated":true}]}}