{"id":328,"date":"2018-10-02T16:48:27","date_gmt":"2018-10-02T13:48:27","guid":{"rendered":"http:\/\/erdogankutlu.com\/yeni\/wordpress\/?page_id=328"},"modified":"2018-10-02T16:48:27","modified_gmt":"2018-10-02T13:48:27","slug":"milli-kalkinma-projesi-2","status":"publish","type":"page","link":"https:\/\/erdogankutlu.com\/index.php\/milli-kalkinma-projesi-2\/","title":{"rendered":"M\u0130LL\u0130 KALKINMA PROJES\u0130"},"content":{"rendered":"\n<div class=\"wp-block-columns has-2-columns\">\n<div class=\"wp-block-column\">\n<h2>M\u0130LL\u0130 KALKINMA PROJES\u0130<\/h2>\n\n\n\n<ul><li><a href=\"http:\/\/erdogankutlu.com\/yeni\/wordpress\/index.php\/cumhuriyet-koyu\/\">CUMHUR\u0130YET K\u00d6Y\u00dc<\/a><\/li><li><a href=\"http:\/\/www.iku.edu.tr\/TR\/iku_gunce\/SosBilSanGunceC1S2\/SosBilSanC1S2_109.pdf\">\u0130ZM\u0130R \u0130KT\u0130SAT KONGRES\u0130<\/a><\/li><li>1930 SANAY\u0130 KONGRES\u0130<\/li><li><a href=\"http:\/\/www.nuridemirag.com\/default.asp\">NUR\u0130 DEM\u0130RA\u011e<\/a><\/li><\/ul>\n\n\n\n<h2>M\u0130LL\u0130 BANKALAR<\/h2>\n\n\n\n<ul><li><a href=\"http:\/\/www.tcmb.gov.tr\/\">T.C. MERKEZ BANKASI<\/a><\/li><li><a href=\"http:\/\/www.muze.isbank.com.tr\/isbank.asp\">T\u00dcRK\u0130YE \u0130\u015e BANKASI<\/a><\/li><li><a href=\"http:\/\/www.sumerholding.gov.tr\/tarihce.html\">S\u00dcMERBANK<\/a><\/li><li><a href=\"http:\/\/www.denizbank.com\/TR\/Hakkimizda\">DEN\u0130ZC\u0130L\u0130K BANKASI<\/a><\/li><li><a href=\"http:\/\/www.mta.gov.tr\/mta_web\/kutuphane\/mtadergi\/34_5.pdf\">ET\u0130BANK<\/a><\/li><li><a href=\"http:\/\/www.halkbank.com.tr\/channels\/1.asp?id=932\">HALK BANKASI<\/a><\/li><li><a href=\"http:\/\/www.atam.gov.tr\/index.php?Page=DergiIcerik&amp;IcerikNo=198\">KUMBARALAR<\/a><\/li><\/ul>\n\n\n\n<h2>M\u0130LL\u0130 E\u011e\u0130T\u0130M<\/h2>\n\n\n\n<ul><li><a href=\"http:\/\/dergiler.ankara.edu.tr\/dergiler\/45\/788\/10118.pdf\">K\u00d6Y ENST\u0130T\u00dcLER\u0130<\/a><\/li><li><a href=\"http:\/\/www.tdk.gov.tr\/TR\/Genel\/BelgeGoster.aspx?f6e10f8892433cffaaf6aa849816b2ef2858da18f4388cdd\">T\u00dcRK D\u0130L KURUMU<\/a><\/li><\/ul>\n\n\n\n<h2>M\u0130LL\u0130 TEKNOLOJ\u0130<\/h2>\n\n\n\n<ul><li><a href=\"http:\/\/www.itu.edu.tr\/?itu-hakkinda\/tarihce\">\u0130STANBUL TEKN\u0130K \u00dcN\u0130VERS\u0130TES\u0130<\/a><\/li><li><a href=\"http:\/\/www.istanbul.edu.tr\/tarihce.php\">\u0130STANBUL \u00dcN\u0130VERS\u0130TES\u0130<\/a><\/li><li><a href=\"http:\/\/www.ankara.edu.tr\/tarihce.php\">ANKARA \u00dcN\u0130VERS\u0130TES\u0130<\/a><\/li><\/ul>\n\n\n\n<h2>M\u0130LL\u0130 SAVUNMA<\/h2>\n\n\n\n<ul><li><a href=\"https:\/\/www.kardemir.com\/Yonetim.aspx?Sec=Sirket&amp;b=7&amp;Ani=&amp;Lng=tr-TR&amp;W=12\">KARAB\u00dcK DEM\u0130R \u00c7EL\u0130K FABR\u0130KASI<\/a><\/li><li><a href=\"http:\/\/www.kulturvarliklari.gov.tr\/TR-44038\/kirikkale-mke-silah-san-muzesi.html\">KIRIKKALE S\u0130LAH FABR\u0130KASI<\/a><\/li><li><a href=\"http:\/\/www.nuridemirag.com\/gokokulu.asp\">KAYSER\u0130 U\u00c7AK FABR\u0130KASI<\/a><\/li><\/ul>\n\n\n\n<h2>M\u0130LL\u0130 SANAY\u0130<\/h2>\n\n\n\n<ul><li>NAZ\u0130LL\u0130 PAMUK DOKUMA FABR\u0130KASI<\/li><li>MER\u0130NOS Y\u00dcN DOKUMA FABR\u0130KASI<\/li><li>BEYKOZ DER\u0130 MAM\u00dcLLER\u0130 FABR\u0130KASI<\/li><li><a href=\"http:\/\/www.pasabahce.com.tr\/\">PA\u015eABAH\u00c7E CAM FABR\u0130KASI<\/a><\/li><li><a href=\"http:\/\/arsiv.ntvmsnbc.com\/news\/311835.asp\">SEKA KA\u011eIT FABR\u0130KASI<\/a><\/li><\/ul>\n\n\n\n<h2>M\u0130LL\u0130 TARIM<\/h2>\n\n\n\n<ul><li><a href=\"http:\/\/www.taris.com.tr\/yt_taris.asp#p2\">TAR\u0130\u015e\u00a0<\/a><\/li><li><a href=\"http:\/\/www.turkseker.gov.tr\/Tarihce.aspx\">ALPULLU \u015eEKER FABR\u0130KASI<\/a><\/li><li><a href=\"http:\/\/www.turkseker.gov.tr\/Tarihce.aspx\">TURHAL \u015eEKER FABR\u0130KASI<\/a><\/li><li><a href=\"http:\/\/www.tigem.gov.tr\/icerik.asp?is=177q12225q10q1hdq10q10q10q1153\">DEVLET \u00dcRETME \u00c7\u0130FTL\u0130KLER\u0130<\/a><\/li><li><a href=\"http:\/\/www.aoc.gov.tr\/index.php?view=cnt&amp;cinf=13\">ATAT\u00dcRK ORMAN \u00c7\u0130FTL\u0130KLER\u0130<\/a><\/li><li><a href=\"http:\/\/erdogankutlu.com\/yeni\/wordpress\/index.php\/cumhuriyet-koyu\/\">CUMHUR\u0130YET K\u00d6Y\u00dc<\/a><\/li><\/ul>\n\n\n\n<figure class=\"wp-block-image is-resized\"><a href=\"http:\/\/erdogankutlu.com\/yeni\/wordpress\/index.php\/cumhuriyet-koyu\/\"><img loading=\"lazy\" src=\"http:\/\/erdogankutlu.com\/yeni\/wordpress\/wp-content\/uploads\/2018\/10\/ck-300x270.jpg\" alt=\"\" class=\"wp-image-319\" width=\"225\" height=\"203\" srcset=\"https:\/\/erdogankutlu.com\/wp-content\/uploads\/2018\/10\/ck-300x270.jpg 300w, https:\/\/erdogankutlu.com\/wp-content\/uploads\/2018\/10\/ck-768x692.jpg 768w, https:\/\/erdogankutlu.com\/wp-content\/uploads\/2018\/10\/ck.jpg 1024w\" sizes=\"(max-width: 225px) 100vw, 225px\" \/><\/a><figcaption>Cumhuriyet K\u00f6y\u00fc<\/figcaption><\/figure>\n\n\n\n<h2>ULUSLARARASI PAZARLAR<\/h2>\n\n\n\n<ul><li><a href=\"http:\/\/www.izfas.com.tr\/indexx.php?f=c22c2a8de3f085756015f4475c29adcd&amp;l=1&amp;sayfa_id=101&amp;g_id=3917&amp;id=6570\">ULUSLARARASI \u0130ZM\u0130R FUARI<\/a><\/li><li><a href=\"http:\/\/arsiv.ntvmsnbc.com\/news\/405924.asp\">FUAR GEM\u0130S\u0130<\/a><\/li><\/ul>\n\n\n\n<figure class=\"wp-block-image is-resized\"><img loading=\"lazy\" src=\"http:\/\/erdogankutlu.com\/yeni\/wordpress\/wp-content\/uploads\/2018\/10\/fuar.jpg\" alt=\"\" class=\"wp-image-320\" width=\"207\" height=\"128\"\/><figcaption>Fuar Gemisi<\/figcaption><\/figure>\n<\/div>\n\n\n\n<div class=\"wp-block-column\">\n<div class=\"wp-block-image\"><figure class=\"aligncenter is-resized\"><img loading=\"lazy\" src=\"http:\/\/erdogankutlu.com\/yeni\/wordpress\/wp-content\/uploads\/2018\/10\/mkp-1.jpg\" alt=\"\" class=\"wp-image-318\" width=\"758\" height=\"1070\" srcset=\"https:\/\/erdogankutlu.com\/wp-content\/uploads\/2018\/10\/mkp-1.jpg 758w, https:\/\/erdogankutlu.com\/wp-content\/uploads\/2018\/10\/mkp-1-213x300.jpg 213w, https:\/\/erdogankutlu.com\/wp-content\/uploads\/2018\/10\/mkp-1-725x1024.jpg 725w\" sizes=\"(max-width: 758px) 100vw, 758px\" \/><\/figure><\/div>\n\n\n\n<p><\/p>\n<\/div>\n<\/div>\n","protected":false},"excerpt":{"rendered":"<p>M\u0130LL\u0130 KALKINMA PROJES\u0130 CUMHUR\u0130YET K\u00d6Y\u00dc \u0130ZM\u0130R \u0130KT\u0130SAT KONGRES\u0130 1930 SANAY\u0130 KONGRES\u0130 NUR\u0130 DEM\u0130RA\u011e M\u0130LL\u0130 BANKALAR T.C. MERKEZ BANKASI T\u00dcRK\u0130YE \u0130\u015e BANKASI S\u00dcMERBANK DEN\u0130ZC\u0130L\u0130K BANKASI ET\u0130BANK&#8230;<\/p>\n","protected":false},"author":1,"featured_media":0,"parent":0,"menu_order":0,"comment_status":"closed","ping_status":"closed","template":"","meta":[],"_links":{"self":[{"href":"https:\/\/erdogankutlu.com\/index.php\/wp-json\/wp\/v2\/pages\/328"}],"collection":[{"href":"https:\/\/erdogankutlu.com\/index.php\/wp-json\/wp\/v2\/pages"}],"about":[{"href":"https:\/\/erdogankutlu.com\/index.php\/wp-json\/wp\/v2\/types\/page"}],"author":[{"embeddable":true,"href":"https:\/\/erdogankutlu.com\/index.php\/wp-json\/wp\/v2\/users\/1"}],"replies":[{"embeddable":true,"href":"https:\/\/erdogankutlu.com\/index.php\/wp-json\/wp\/v2\/comments?post=328"}],"version-history":[{"count":1,"href":"https:\/\/erdogankutlu.com\/index.php\/wp-json\/wp\/v2\/pages\/328\/revisions"}],"predecessor-version":[{"id":329,"href":"https:\/\/erdogankutlu.com\/index.php\/wp-json\/wp\/v2\/pages\/328\/revisions\/329"}],"wp:attachment":[{"href":"https:\/\/erdogankutlu.com\/index.php\/wp-json\/wp\/v2\/media?parent=328"}],"curies":[{"name":"wp","href":"https:\/\/api.w.org\/{rel}","templated":true}]}}