{"id":88,"date":"2018-10-02T01:08:38","date_gmt":"2018-10-01T22:08:38","guid":{"rendered":"http:\/\/erdogankutlu.com\/yeni\/wordpress\/?page_id=88"},"modified":"2018-10-02T01:08:38","modified_gmt":"2018-10-01T22:08:38","slug":"kayit-disi-ekonominin-kayda-alinmasi","status":"publish","type":"page","link":"https:\/\/erdogankutlu.com\/index.php\/kayit-disi-ekonominin-kayda-alinmasi\/","title":{"rendered":"KAYIT DI\u015eI EKONOM\u0130N\u0130N KAYDA ALINMASI"},"content":{"rendered":"\n<p><em>02 Ocak 2016 &#8211; D\u00fcnya Gazetesi<\/em><\/p>\n\n\n\n<p>Ekonominin adil ve sa\u011fl\u0131kl\u0131 bir \u015fekilde b\u00fcy\u00fcmesi ancak ekonominin kayda al\u0131nmas\u0131 ile m\u00fcmk\u00fcn olabilmektedir. Kay\u0131td\u0131\u015f\u0131 ekonomi nedeni ile Hazine&#8217;miz \u00f6nemli oranda gelir kayb\u0131na u\u011framaktad\u0131r. Bu kay\u0131plar nedeniyle b\u00fct\u00e7emizde ve d\u0131\u015f ticaretimizde meydana gelen a\u00e7\u0131klar, i\u00e7 ve d\u0131\u015f kredilerle kapat\u0131lmaktad\u0131r. Bu nedenle kay\u0131td\u0131\u015f\u0131 ekonominin kayda al\u0131nmas\u0131, \u00fclkemizin gelece\u011fi a\u00e7\u0131s\u0131ndan son derece \u00f6nem arz etmektedir. Ticari ya\u015fam\u0131n dengesini de bozan kay\u0131td\u0131\u015f\u0131 ekonominin kayda al\u0131nabilmesi i\u00e7in al\u0131nmas\u0131 gereken tedbirleri \u00f6zetleyecek olursak;<\/p>\n\n\n\n<p>1) Yazar kasa (online sisteme uyumlu)<\/p>\n\n\n\n<p>Maliye-m\u00fckellef bili\u015fimini online olarak sa\u011flayacak yazarkasalar\u0131n devreye al\u0131nmas\u0131. B\u00f6ylece m\u00fckelleflerin t\u00fcm ticari hareketleri anl\u0131k olarak elektronik ortamda kontrol edilebilecektir. Ayr\u0131ca e-tahakkuk ve e-tahsil\u00e2t i\u015flemleri de otomatik olarak yap\u0131labilecektir.<\/p>\n\n\n\n<p>2) N\u00fcfus c\u00fczdan\u0131<\/p>\n\n\n\n<p>\u2018Chip\u2019li n\u00fcfus c\u00fczdanlar\u0131n\u0131n acilen \u00fclkemiz genelinde kullan\u0131ma ge\u00e7irilmesi. Parmak izi verilerek al\u0131nabilecek \u2018chip\u2019li n\u00fcfus c\u00fczdanlar\u0131n\u0131n kullan\u0131m\u0131n\u0131n zorunlu hale getirilmesi ile \u00fclkemizdeki yasa d\u0131\u015f\u0131 ticari i\u015flemlerde \u00f6nemli oranda d\u00fc\u015f\u00fc\u015f sa\u011flanacakt\u0131r.<\/p>\n\n\n\n<p>3) Kredi kartlar\u0131<\/p>\n\n\n\n<p>\u2018Chip\u2019li n\u00fcfus c\u00fczdan\u0131 ile ve parmak izi al\u0131narak verilmeli. Al\u0131\u015fveri\u015flerde kredi kart\u0131 ile yap\u0131lacak i\u015flemlerin \u015fifre yerine parmak izi ile yap\u0131lmas\u0131.<\/p>\n\n\n\n<p>4) Senet ve \u00e7ekler<\/p>\n\n\n\n<p>Ticari piyasalar\u0131n dengesini bozan senet ve \u00e7ekler ile ilgili d\u00fczenlemelerin yeniden haz\u0131rlanmas\u0131 gerekmektedir. \u00d6rne\u011fin senetlerin de bankalar taraf\u0131ndan verilmesi\u2026 Senet ve \u00e7eklerin;<\/p>\n\n\n\n<p>&#8211; Nama olmas\u0131.<\/p>\n\n\n\n<p>&#8211; Limitli olmas\u0131.<\/p>\n\n\n\n<p>&#8211; Banka garantisinde olmas\u0131.<\/p>\n\n\n\n<p>&#8211; Banka taraf\u0131ndan \u2018chip\u2019li n\u00fcfus c\u00fczdan\u0131 ve parmak i\u00e7i al\u0131narak verilmesi.<\/p>\n\n\n\n<p>&#8211; Banka taraf\u0131ndan (senet ve \u00e7ek alanlar) online olarak an\u0131nda Maliye\u2019ye (Gelir \u0130daresi Ba\u015fkanl\u0131\u011f\u0131), BDDK\u2019ya, Merkez Bankas\u0131\u2019na bildirilmesi.<\/p>\n\n\n\n<p>&#8211; Ciro i\u015flemlerinin banka onay\u0131 ile yap\u0131labilmesi. (Ciro i\u015flemlerinin de an\u0131nda ilgili kurumlara bildirilmesi.<\/p>\n\n\n\n<p>&#8211; \u2026 vb. gibi \u00f6zetlenebilir.<\/p>\n\n\n\n<p>5) D\u00f6viz b\u00fcfeleri<\/p>\n\n\n\n<p>D\u00f6viz al\u0131m ve sat\u0131m i\u015flemlerinin nama yap\u0131lmas\u0131 (chipli n\u00fcfus c\u00fczdan\u0131 ve kontrol\u00fc ile) ve online olarak an\u0131nda Maliye&#8217;ye, BDDK\u2019ya, Merkez Bankas\u0131\u2019na ve Emniyet Genel M\u00fcd\u00fcrl\u00fc\u011f\u00fc\u2019ne bildirilmesi zorunlulu\u011funun getirilmesi.<\/p>\n\n\n\n<p>6) Kuyumcular<\/p>\n\n\n\n<p>Alt\u0131n, g\u00fcm\u00fc\u015f gibi k\u0131ymetli metaller ile elmas, yakut gibi k\u0131ymetli ta\u015flar\u0131n al\u0131m ve sat\u0131m i\u015flemlerinin nama yap\u0131lmas\u0131 (chipli n\u00fcfus c\u00fczdan\u0131 ve kontrol\u00fc ile) ve online olarak an\u0131nda Maliye\u2019ye, BDDK\u2019ya, Merkez Bankas\u0131\u2019na ve Emniyet Genel M\u00fcd\u00fcrl\u00fc\u011f\u00fc\u2019ne bildirilmesi zorunlulu\u011funun getirilmesi.<\/p>\n\n\n\n<p>7) Akaryak\u0131t istasyonlar\u0131<\/p>\n\n\n\n<p>Kay\u0131td\u0131\u015f\u0131 akaryak\u0131t sat\u0131\u015flar\u0131n\u0131 \u00f6nlemek i\u00e7in;<\/p>\n\n\n\n<p>&#8211; Ara\u00e7lara, \u2018Ara\u00e7 Tan\u0131ma Sistemi (ATS)\u2019 chipli etiketlerin yap\u0131\u015ft\u0131r\u0131lmas\u0131n\u0131n zorunlu olmas\u0131.<\/p>\n\n\n\n<p>&#8211; Akaryak\u0131t istasyonlar\u0131nda pompalar\u0131n \u00fczerinde ATS okuyucular\u0131n\u0131n bulunmas\u0131.<\/p>\n\n\n\n<p>&#8211; Akaryak\u0131t pompalar\u0131n\u0131n online sisteme uyumlu yazar kasalara ba\u011flant\u0131s\u0131n\u0131n yap\u0131lmas\u0131. (Maliye\u2019ye, BDDK\u2019ya, Emniyet Genel M\u00fcd\u00fcrl\u00fc\u011f\u00fc\u2019ne bildirilmesi.)<\/p>\n\n\n\n<p>&#8211; Akaryak\u0131t istasyonlar\u0131na giren ve \u00e7\u0131kan akaryak\u0131t miktarlar\u0131n\u0131n s\u00fcrekli kontrol edilmesi.<\/p>\n\n\n\n<p>8) GSM cihazlar\u0131 sat\u0131\u015f temsilcilikleri<\/p>\n\n\n\n<p>GSM cihazlar\u0131 al\u0131m ve sat\u0131m i\u015flemlerinin chipli n\u00fcfus c\u00fczdanlar\u0131 ile kontrol edilerek nama yap\u0131lmas\u0131. Online olarak Maliye\u2019ye, Telekom\u00fcnikasyon \u0130daresi\u2019ne ve Emniyet Genel M\u00fcd\u00fcrl\u00fc\u011f\u00fc\u2019ne bildirilmesinin zorunlu olmas\u0131.<\/p>\n\n\n\n<p>9) \u0130n\u015faat \u015firketleri<\/p>\n\n\n\n<p>Online sisteme uyumlu yazarkasa cihazlar\u0131n\u0131 kullanma zorunlulu\u011funun getirilmesi ve t\u00fcm harcamalar\u0131n\u0131n belgeli ve kay\u0131tl\u0131 halde olmas\u0131. Belgeli ve kay\u0131tl\u0131 olmayan harcamalar\u0131n dikkate al\u0131nmamas\u0131 ve e-tahakkukun buna g\u00f6re yap\u0131larak, e-tahsil\u00e2t\u0131n otomatik olarak ger\u00e7ekle\u015ftirilmesi.<\/p>\n\n\n\n<p>10) G\u00fcmr\u00fcklerden yap\u0131lan t\u00fcm ihracat ve ithalat i\u015flemler, online olarak Maliye\u2019ye (Gelir \u0130daresi Ba\u015fkanl\u0131\u011f\u0131\u2019na), D\u0131\u015f Ticaret Genel M\u00fcd\u00fcrl\u00fc\u011f\u00fc\u2019ne ve Emniyet Genel M\u00fcd\u00fcrl\u00fc\u011f\u00fc\u2019ne iletilmelidir.<\/p>\n\n\n\n<p>11) Sanayi ve ticari kurulu\u015flar ile bankalar\u0131n d\u0131\u015f pazarlardan temin ettikleri kredilerin BDDK ve Merkez Bankas\u0131 taraf\u0131ndan incelemesi yap\u0131lmal\u0131d\u0131r.<\/p>\n\n\n\n<p>12) Nereden buldun yasas\u0131<\/p>\n\n\n\n<p>T.C. vatanda\u015flar\u0131 mevcut mal varl\u0131\u011f\u0131n\u0131n kaynaklar\u0131n\u0131 belgelemek zorunda olmal\u0131d\u0131r.<\/p>\n\n\n\n<p>Bu konu ile ilgili gerekli yasal d\u00fczenlemenin yap\u0131lmas\u0131 ve y\u00fcr\u00fcrl\u00fc\u011fe girmesi ile ekonomimiz adil ve sa\u011fl\u0131kl\u0131 bir \u015fekilde b\u00fcy\u00fcyecektir.Ayr\u0131ca \u00fcretilecek \u00fcr\u00fcnlerin ihra\u00e7 edilebilmesi amac\u0131yla 1925 y\u0131l\u0131nda Hollanda\u2019dan al\u0131nan l\u00fcks yolcu gemisinin \u2018Fuar Gemisi\u2019 haline d\u00f6n\u00fc\u015ft\u00fcr\u00fclmesi sa\u011fland\u0131 ve yerel \u00fcr\u00fcnler ile Avrupa limanlar\u0131na g\u00f6nderildi.<\/p>\n\n\n\n<p>Ama\u00e7, yeni kurulmu\u015f olan T\u00fcrkiye Cumhuriyeti\u2019nin d\u00fcnyaya tan\u0131t\u0131lmas\u0131 idi.<\/p>\n\n\n\n<p>\u0130\u00e7inde T\u00fcrkiye \u0130\u015f Bankas\u0131\u2019n\u0131n \u015fubesinin de bulundu\u011fu bu \u2018Fuar Gemisi\u2019, d\u00fcnyada bir ilkti.<\/p>\n\n\n\n<p>D\u00fcnya ekonomisinin kriz ya\u015fad\u0131\u011f\u0131 1930\u2019lu y\u0131llarda bile s\u00fcrekli b\u00fcy\u00fcme g\u00f6steren ekonomimiz, maalesef B\u00fcy\u00fck \u00d6nderimizi kaybetmemiz ile beraber ayn\u0131 heyecan ile devam ettirilememi\u015ftir.<\/p>\n\n\n\n<p>Tam ba\u011f\u0131ms\u0131z, antiemperyalist ve \u00e7a\u011fda\u015f T\u00fcrkiye\u2019nin ger\u00e7ekle\u015fmesi amac\u0131yla haz\u0131rlanm\u0131\u015f olan ve 1923 \u2013 1938 tarihleri aras\u0131nda sa\u011flam\u0131\u015f oldu\u011fu ba\u015far\u0131lar ile d\u00fcnyaya \u00f6rnek olan \u2018Milli Kalk\u0131nma Projesi\u2019ni g\u00fcncelleyerek ve kurulu\u015f felsefemizin amac\u0131na uygun olarak g\u00fcn\u00fcm\u00fcze uyarlay\u0131p uygulamam\u0131z, \u00fclkemizin gelece\u011fi a\u00e7\u0131s\u0131ndan \u00f6nem arz etmektedir.<\/p>\n\n\n\n<p>\u2018Milli Kalk\u0131nma Projesi\u2019nin g\u00fcncellenmesi ve k\u00fcreselle\u015fmesine \u00f6rnek olarak:<\/p>\n\n\n\n<p>1- Finans alan\u0131nda<\/p>\n\n\n\n<p>Tasarruflar\u0131n te\u015fviki sa\u011flanmal\u0131d\u0131r.<\/p>\n\n\n\n<p>T\u00fcrkiye Teknoloji Bankas\u0131 kurulmal\u0131d\u0131r.<\/p>\n\n\n\n<p>T\u00fcrkiye \u00c7evre Bankas\u0131 kurulmal\u0131d\u0131r.<\/p>\n\n\n\n<p>Uluslararas\u0131 Yat\u0131r\u0131m ve Kredi Bankas\u0131 kurulmas\u0131 sa\u011flanmal\u0131d\u0131r. T.C. Ziraat Bankas\u0131\u2019n\u0131n da \u2018\u0130htisas Bankas\u0131\u2019na d\u00f6n\u00fc\u015ft\u00fcr\u00fclmesi sa\u011flanmal\u0131d\u0131r.<\/p>\n\n\n\n<p>2- Teknoloji alan\u0131nda<\/p>\n\n\n\n<p>T\u00dcB\u0130TAK\u2019\u0131n, T\u00fcrkiye Teknoloji Enstit\u00fcs\u00fc haline d\u00f6n\u00fc\u015ft\u00fcr\u00fclmesi ve b\u00fcnyesinde<\/p>\n\n\n\n<p>&#8211;\u00a0Genetic-tech. Ar-Ge merkezleri<\/p>\n\n\n\n<p>&#8211;\u00a0High-tech. Ar-Ge merkezleri<\/p>\n\n\n\n<p>&#8211;\u00a0Nano-tech. Ar-Ge merkezleri<\/p>\n\n\n\n<p>&#8211;\u00a0Space-tech. Ar-Ge merkezlerinin kurulmas\u0131 sa\u011flanmal\u0131d\u0131r.<\/p>\n\n\n\n<p>T\u00fcrk Patent Enstit\u00fcs\u00fc ile m\u00fc\u015fterek \u2018Proje T\u00fcrk\u2019 yar\u0131\u015fmalar\u0131 d\u00fczenlenmelidir.<\/p>\n\n\n\n<p>Teknoloji fonu olu\u015fturulmal\u0131d\u0131r.<\/p>\n\n\n\n<p>Teknoloji yo\u011fun \u00fcr\u00fcnlerin sergilenece\u011fi \u2018proje pazarlar\u0131\u2019 kurulmal\u0131d\u0131r.<\/p>\n\n\n\n<p>3- Teknoloji yo\u011fun \u00fcretim yapan sanayilere ve projelere:<\/p>\n\n\n\n<p>T\u00fcrkiye Teknoloji Bankas\u0131<\/p>\n\n\n\n<p>T\u00fcrkiye \u00c7evre Bankas\u0131<\/p>\n\n\n\n<p>Uluslararas\u0131 Yat\u0131r\u0131m ve Kredi Bankas\u0131 ve zirai \u00fcretim yapanlara TC Ziraat Bankas\u0131 taraf\u0131ndan, d\u00fc\u015f\u00fck faizli, uzun vadeli kredi verilmelidir.<\/p>\n\n\n\n<p>4- Uluslararas\u0131 pazarlama alan\u0131nda:<\/p>\n\n\n\n<p>T\u00fcrk D\u0131\u015f Ticaret Konseyi (Turkish External Trade &#8211; TETRA) kurulabilir ve d\u0131\u015f pazarlarda ihracat\u00e7\u0131lar\u0131 bilgilendirmek amac\u0131yla ara\u015ft\u0131rma hizmetleri ile fuar ve lojistik hizmetlerini yapabilir.<\/p>\n\n\n\n<p>Ekonomi ve D\u0131\u015f Ticaret Bakanl\u0131\u011f\u0131 kurularak yurtd\u0131\u015f\u0131nda \u2018Ekonomi El\u00e7ilikleri\u2019 \u015feklinde yap\u0131lanabilir.<\/p>\n\n\n\n<p>Uluslararas\u0131 Yat\u0131r\u0131m ve Kredi Bankas\u0131 bu merkezlerde \u015fubelerini a\u00e7abilir.<\/p>\n\n\n\n<p>5-\u00a0Uluslararas\u0131 yat\u0131r\u0131m alan\u0131nda<\/p>\n\n\n\n<p>Uluslararas\u0131 Yat\u0131r\u0131m ve Kredi Bankas\u0131\u2019n\u0131n kredi deste\u011fi ile d\u0131\u015f pazarlarda;<\/p>\n\n\n\n<p>Turizm yat\u0131r\u0131mlar\u0131,<\/p>\n\n\n\n<p>Hastane yat\u0131r\u0131mlar\u0131,<\/p>\n\n\n\n<p>Marketler zinciri yat\u0131r\u0131mlar\u0131,<\/p>\n\n\n\n<p>Sanayi yat\u0131r\u0131mlar\u0131 (g\u0131da, giyim vb gibi),<\/p>\n\n\n\n<p>\u0130n\u015faat yat\u0131r\u0131mlar\u0131,<\/p>\n\n\n\n<p>Teknoloji yo\u011fun \u00fcretim yat\u0131r\u0131mlar\u0131 vb. gibi yat\u0131r\u0131mlar\u0131n ger\u00e7ekle\u015ftirilmesi gibi ba\u015fl\u0131klar alt\u0131nda toplanabilir.<\/p>\n\n\n\n<p>\u00d6zetle; \u00fclkemizin gelece\u011fi i\u00e7in haz\u0131rlanacak olan projelerde, 1923 \u2013 1938 y\u0131llar\u0131 aras\u0131ndaki uygulamalar\u0131 ve ba\u015far\u0131l\u0131 sonu\u00e7lar\u0131yla d\u00fcnyaya \u00f6rnek olmu\u015f olan \u2018Milli Kalk\u0131nma Projesi\u2019nden faydalan\u0131lmas\u0131, gelece\u011fimiz a\u00e7\u0131s\u0131ndan \u00f6nemlidir.<\/p>\n\n\n\n<p>*Projelerle ilgili detayl\u0131 bilgi www.erdogankutlu.com sitesinden temin edilebilir.<br\/><\/p>\n","protected":false},"excerpt":{"rendered":"<p>02 Ocak 2016 &#8211; D\u00fcnya Gazetesi Ekonominin adil ve sa\u011fl\u0131kl\u0131 bir \u015fekilde b\u00fcy\u00fcmesi ancak ekonominin kayda al\u0131nmas\u0131 ile m\u00fcmk\u00fcn olabilmektedir. Kay\u0131td\u0131\u015f\u0131 ekonomi nedeni ile Hazine&#8217;miz&#8230;<\/p>\n","protected":false},"author":1,"featured_media":0,"parent":0,"menu_order":0,"comment_status":"closed","ping_status":"closed","template":"","meta":[],"_links":{"self":[{"href":"https:\/\/erdogankutlu.com\/index.php\/wp-json\/wp\/v2\/pages\/88"}],"collection":[{"href":"https:\/\/erdogankutlu.com\/index.php\/wp-json\/wp\/v2\/pages"}],"about":[{"href":"https:\/\/erdogankutlu.com\/index.php\/wp-json\/wp\/v2\/types\/page"}],"author":[{"embeddable":true,"href":"https:\/\/erdogankutlu.com\/index.php\/wp-json\/wp\/v2\/users\/1"}],"replies":[{"embeddable":true,"href":"https:\/\/erdogankutlu.com\/index.php\/wp-json\/wp\/v2\/comments?post=88"}],"version-history":[{"count":1,"href":"https:\/\/erdogankutlu.com\/index.php\/wp-json\/wp\/v2\/pages\/88\/revisions"}],"predecessor-version":[{"id":89,"href":"https:\/\/erdogankutlu.com\/index.php\/wp-json\/wp\/v2\/pages\/88\/revisions\/89"}],"wp:attachment":[{"href":"https:\/\/erdogankutlu.com\/index.php\/wp-json\/wp\/v2\/media?parent=88"}],"curies":[{"name":"wp","href":"https:\/\/api.w.org\/{rel}","templated":true}]}}